{"id":104,"date":"2016-08-03T13:37:02","date_gmt":"2016-08-03T12:37:02","guid":{"rendered":"http:\/\/zamek-frystat.karvina.org\/?page_id=104"},"modified":"2016-08-03T13:37:02","modified_gmt":"2016-08-03T12:37:02","slug":"virtualni-prohlidka-zamku","status":"publish","type":"page","link":"https:\/\/www.zamek-frystat.cz\/index.php\/virtualni-prohlidka-zamku\/","title":{"rendered":"Virtu\u00e1ln\u00ed prohl\u00eddka z\u00e1mku"},"content":{"rendered":"<p><strong>\u010cELN\u00cd PR\u016e\u010cEL\u00cd<\/strong><\/p>\n<p><a title=\"Spustit virtu\u00e1ln\u00ed prohl\u00eddku - \u010celn\u00ed pr\u016f\u010del\u00ed, Z\u00e1mek Fry\u0161t\u00e1t\" href=\"http:\/\/www.360travel.cz\/zamek-frystat-celni-pruceli\" target=\"_blank\"><img decoding=\"async\" src=\"http:\/\/www.360travel.cz\/userfiles\/images\/virtualni_prohlidky\/ceska-republika\/karvina\/karvina-zamek01-460.jpg\" alt=\"Spustit virtu\u00e1ln\u00ed prohl\u00eddku - \u010celn\u00ed pr\u016f\u010del\u00ed, Z\u00e1mek Fry\u0161t\u00e1t\" width=\"460\" \/><\/a><\/p>\n<p>&nbsp;<\/p>\n<p><strong>VSTUPN\u00cd HALA<\/strong><\/p>\n<p><a title=\"Spustit virtu\u00e1ln\u00ed prohl\u00eddku - Vstupn\u00ed hala, Z\u00e1mek Fry\u0161t\u00e1t\" href=\"http:\/\/www.360travel.cz\/zamek-frystat-vstupni-hala\" target=\"_blank\"><img decoding=\"async\" src=\"http:\/\/www.360travel.cz\/userfiles\/images\/virtualni_prohlidky\/ceska-republika\/karvina\/karvina-zamek06-460.jpg\" alt=\"Spustit virtu\u00e1ln\u00ed prohl\u00eddku - Vstupn\u00ed hala, Z\u00e1mek Fry\u0161t\u00e1t\" width=\"460\" \/><\/a><\/p>\n<p>&nbsp;<\/p>\n<p><strong>INTERI\u00c9R I<\/strong><\/p>\n<p><a title=\"Spustit virtu\u00e1ln\u00ed prohl\u00eddku - Interi\u00e9r I, Z\u00e1mek Fry\u0161t\u00e1t\" href=\"http:\/\/www.360travel.cz\/zamek-frystat-interier-i\" target=\"_blank\"><img decoding=\"async\" src=\"http:\/\/www.360travel.cz\/userfiles\/images\/virtualni_prohlidky\/ceska-republika\/karvina\/karvina-zamek04-460.jpg\" alt=\"Spustit virtu\u00e1ln\u00ed prohl\u00eddku - Interi\u00e9r I, Z\u00e1mek Fry\u0161t\u00e1t\" width=\"460\" \/><\/a><\/p>\n<p>&nbsp;<\/p>\n<p><strong>INTERI\u00c9R II<\/strong><\/p>\n<p><a title=\"Spustit virtu\u00e1ln\u00ed prohl\u00eddku - Interi\u00e9r II, Z\u00e1mek Fry\u0161t\u00e1t\" href=\"http:\/\/www.360travel.cz\/zamek-frystat-interier-ii\" target=\"_blank\"><img decoding=\"async\" src=\"http:\/\/www.360travel.cz\/userfiles\/images\/virtualni_prohlidky\/ceska-republika\/karvina\/karvina-zamek03-460.jpg\" alt=\"Spustit virtu\u00e1ln\u00ed prohl\u00eddku - Interi\u00e9r II, Z\u00e1mek Fry\u0161t\u00e1t\" width=\"460\" \/><\/a><\/p>\n<p>&nbsp;<\/p>\n<p><strong>INTERI\u00c9R III<\/strong><\/p>\n<p><a title=\"Spustit virtu\u00e1ln\u00ed prohl\u00eddku - Interi\u00e9r III, Z\u00e1mek Fry\u0161t\u00e1t\" href=\"http:\/\/www.360travel.cz\/zamek-frystat-interier-iii\" target=\"_blank\"><img decoding=\"async\" src=\"http:\/\/www.360travel.cz\/userfiles\/images\/virtualni_prohlidky\/ceska-republika\/karvina\/karvina-zamek02-460.jpg\" alt=\"Spustit virtu\u00e1ln\u00ed prohl\u00eddku - Interi\u00e9r III, Z\u00e1mek Fry\u0161t\u00e1t\" width=\"460\" \/><\/a><\/p>\n","protected":false},"excerpt":{"rendered":"<p>\u010cELN\u00cd PR\u016e\u010cEL\u00cd &nbsp; VSTUPN\u00cd HALA &nbsp; INTERI\u00c9R I &nbsp; INTERI\u00c9R II &nbsp; INTERI\u00c9R III<\/p>\n","protected":false},"author":1,"featured_media":0,"parent":0,"menu_order":0,"comment_status":"closed","ping_status":"closed","template":"","meta":{"footnotes":""},"class_list":["post-104","page","type-page","status-publish","hentry"],"_links":{"self":[{"href":"https:\/\/www.zamek-frystat.cz\/index.php\/wp-json\/wp\/v2\/pages\/104","targetHints":{"allow":["GET"]}}],"collection":[{"href":"https:\/\/www.zamek-frystat.cz\/index.php\/wp-json\/wp\/v2\/pages"}],"about":[{"href":"https:\/\/www.zamek-frystat.cz\/index.php\/wp-json\/wp\/v2\/types\/page"}],"author":[{"embeddable":true,"href":"https:\/\/www.zamek-frystat.cz\/index.php\/wp-json\/wp\/v2\/users\/1"}],"replies":[{"embeddable":true,"href":"https:\/\/www.zamek-frystat.cz\/index.php\/wp-json\/wp\/v2\/comments?post=104"}],"version-history":[{"count":1,"href":"https:\/\/www.zamek-frystat.cz\/index.php\/wp-json\/wp\/v2\/pages\/104\/revisions"}],"predecessor-version":[{"id":105,"href":"https:\/\/www.zamek-frystat.cz\/index.php\/wp-json\/wp\/v2\/pages\/104\/revisions\/105"}],"wp:attachment":[{"href":"https:\/\/www.zamek-frystat.cz\/index.php\/wp-json\/wp\/v2\/media?parent=104"}],"curies":[{"name":"wp","href":"https:\/\/api.w.org\/{rel}","templated":true}]}}

Virtuální prohlídka zámku

<p><strong>ČELNÍ PRŮČELÍ</strong></p>
<p><a title="Spustit virtuální prohlídku - Čelní průčelí, Zámek Fryštát" href="http://www.360travel.cz/zamek-frystat-celni-pruceli" target="_blank"><img decoding="async" src="http://www.360travel.cz/userfiles/images/virtualni_prohlidky/ceska-republika/karvina/karvina-zamek01-460.jpg" alt="Spustit virtuální prohlídku - Čelní průčelí, Zámek Fryštát" width="460" /></a></p>
<p>&nbsp;</p>
<p><strong>VSTUPNÍ HALA</strong></p>
<p><a title="Spustit virtuální prohlídku - Vstupní hala, Zámek Fryštát" href="http://www.360travel.cz/zamek-frystat-vstupni-hala" target="_blank"><img decoding="async" src="http://www.360travel.cz/userfiles/images/virtualni_prohlidky/ceska-republika/karvina/karvina-zamek06-460.jpg" alt="Spustit virtuální prohlídku - Vstupní hala, Zámek Fryštát" width="460" /></a></p>
<p>&nbsp;</p>
<p><strong>INTERIÉR I</strong></p>
<p><a title="Spustit virtuální prohlídku - Interiér I, Zámek Fryštát" href="http://www.360travel.cz/zamek-frystat-interier-i" target="_blank"><img decoding="async" src="http://www.360travel.cz/userfiles/images/virtualni_prohlidky/ceska-republika/karvina/karvina-zamek04-460.jpg" alt="Spustit virtuální prohlídku - Interiér I, Zámek Fryštát" width="460" /></a></p>
<p>&nbsp;</p>
<p><strong>INTERIÉR II</strong></p>
<p><a title="Spustit virtuální prohlídku - Interiér II, Zámek Fryštát" href="http://www.360travel.cz/zamek-frystat-interier-ii" target="_blank"><img decoding="async" src="http://www.360travel.cz/userfiles/images/virtualni_prohlidky/ceska-republika/karvina/karvina-zamek03-460.jpg" alt="Spustit virtuální prohlídku - Interiér II, Zámek Fryštát" width="460" /></a></p>
<p>&nbsp;</p>
<p><strong>INTERIÉR III</strong></p>
<p><a title="Spustit virtuální prohlídku - Interiér III, Zámek Fryštát" href="http://www.360travel.cz/zamek-frystat-interier-iii" target="_blank"><img decoding="async" src="http://www.360travel.cz/userfiles/images/virtualni_prohlidky/ceska-republika/karvina/karvina-zamek02-460.jpg" alt="Spustit virtuální prohlídku - Interiér III, Zámek Fryštát" width="460" /></a></p>

<p>ČELNÍ PRŮČELÍ &nbsp; VSTUPNÍ HALA &nbsp; INTERIÉR I &nbsp; INTERIÉR II &nbsp; INTERIÉR III</p>
