{"id":3259,"date":"2024-09-16T05:41:20","date_gmt":"2024-09-16T04:41:20","guid":{"rendered":"https:\/\/www.zamek-frystat.cz\/?page_id=3259"},"modified":"2024-09-16T05:41:20","modified_gmt":"2024-09-16T04:41:20","slug":"nova-expozice-ngp","status":"publish","type":"page","link":"https:\/\/www.zamek-frystat.cz\/index.php\/nova-expozice-ngp\/","title":{"rendered":"Nov\u00e1 expozice NGP"},"content":{"rendered":"<p><strong>Nov\u00e1 expozice NGP<\/strong><\/p>\n<p>V z\u00e1\u0159\u00ed 2024 byla ve vedlej\u0161\u00ed budov\u011b z\u00e1mku zvan\u00e9 Lottyhaus otev\u0159ena nov\u00e1 expozice N\u00e1rodn\u00ed galerie Praha s n\u00e1zvem <strong>Hav\u00ed\u0159sk\u00e1 balada: Sto rok\u016f hornictv\u00ed v um\u011bn\u00ed.<\/strong><\/p>\n<p>Expozice, kter\u00e1 tvo\u0159\u00ed III. z\u00e1meck\u00fd okruh, p\u0159edstavuje d\u00edla s hornickou tematikou ze sb\u00edrek N\u00e1rodn\u00ed galerie dopln\u011bn\u00e1 o zap\u016fj\u010den\u00e1 d\u00edla sou\u010dasn\u00fdch um\u011blc\u016f. Pokr\u00fdv\u00e1 obdob\u00ed meziv\u00e1le\u010dn\u00e9 \u010ceskoslovensk\u00e9 republiky, druh\u00e9 sv\u011btov\u00e9 v\u00e1lky, pov\u00e1le\u010dn\u00e9ho budov\u00e1n\u00ed st\u00e1tn\u00edho socialismu a normalizace, jako i pop\u0159evratovou dobu liber\u00e1ln\u00ed demokracie spojenou s \u00fatlumem t\u011b\u017eby uhl\u00ed. Expozice se pokou\u0161\u00ed odpov\u011bd\u011bt na dv\u011b vz\u00e1jemn\u011b propojen\u00e9 ot\u00e1zky: Co se lze dov\u011bd\u011bt o hornictv\u00ed skrze obraz, jej\u017e zanechalo v d\u011bjin\u00e1ch um\u011bn\u00ed, a jak vypadaj\u00ed d\u011bjiny um\u011bn\u00ed posledn\u00edch sta let vid\u011bny skrz hornictv\u00ed.<\/p>\n<p>Tematicky zam\u011b\u0159en\u00e1 expozice tak nevych\u00e1z\u00ed z k\u00e1nonu um\u011bleck\u00fdch sm\u011br\u016f a nejv\u00fdrazn\u011bj\u0161\u00edch um\u011bleck\u00fdch skupin a osobnost\u00ed. Ukazuje paraleln\u00ed d\u011bjiny um\u011bn\u00ed charakterizovan\u00e9 civilnost\u00ed, v\u011bcnost\u00ed a realismem, tedy um\u011bleck\u00fdm a liter\u00e1rn\u00edm sm\u011brem \u010derpaj\u00edc\u00edm z nep\u0159ikr\u00e1\u0161len\u00e9 skute\u010dnosti a a\u017e baladick\u00e9 syrovosti lidsk\u00e9ho \u017eivota a spole\u010densk\u00fdch pom\u011br\u016f ovlivn\u011bn\u00fdch rozporupln\u00fdmi dopady pr\u016fmyslov\u00e9 revoluce. Tuto neb\u00fdvalou technologickou a spole\u010denskou revoluci poh\u00e1n\u011blo spalov\u00e1n\u00ed fosiln\u00edch paliv jako pr\u00e1v\u011b uhl\u00ed, av\u0161ak za cenu mnoha d\u016fln\u00edch ne\u0161t\u011bst\u00ed, zmizel\u00fdch m\u011bst a vesnic, zjizven\u00e9 krajiny a dopad\u016f na \u017eivotn\u00ed prost\u0159ed\u00ed v\u010detn\u011b sou\u010dasn\u00e9 klimatick\u00e9 zm\u011bny zp\u016fsoben\u00e9 \u010dinnost\u00ed \u010dlov\u011bka.<\/p>\n<p>Expozice p\u0159edstavuje d\u00edla zn\u00e1m\u00fdch \u010desk\u00fdch um\u011blc\u016f jako Josef \u010capek, Otto Gutfreund, Karel Holan, Ji\u0159\u00ed John, Jaroslav Kr\u00e1l, Jan Lauda, Kamil Lhot\u00e1k nebo Jan Zrzav\u00fd, um\u011blc\u016f sv\u00e1zan\u00fdch s hornick\u00fdmi regiony Ostravska-Karvinska, Mostecka nebo Kladenska jako Bohdan Kopeck\u00fd, Ferdi\u0161 Du\u0161a, Kv\u011bta V\u00e1lov\u00e1, Jind\u0159ich Wielgus nebo Vil\u00e9m W\u00fcnsche, a tak\u00e9 d\u00edla sou\u010dasn\u00fdch um\u011blc\u016f jako Jon\u00e1\u0161 Czesan\u00fd a karvinsk\u00fdch rod\u00e1k\u016f V\u00e1clava Jir\u00e1ska a Jakuba \u0160pa\u0148hela.<\/p>\n<p><strong>Otev\u00edrac\u00ed dobu a vstupn\u00e9 pro jednotliv\u00e9 trasy najdete v \u010d\u00e1sti INFORMACE PRO N\u00c1V\u0160T\u011aVN\u00cdKY.<\/strong><\/p>\n<p><img loading=\"lazy\" decoding=\"async\" src=\"https:\/\/www.zamek-frystat.cz\/wp-content\/uploads\/2024\/09\/expozicengp-300x146.jpg\" alt=\"\" width=\"725\" height=\"353\" class=\"aligncenter  wp-image-3260\" srcset=\"https:\/\/www.zamek-frystat.cz\/wp-content\/uploads\/2024\/09\/expozicengp-300x146.jpg 300w, https:\/\/www.zamek-frystat.cz\/wp-content\/uploads\/2024\/09\/expozicengp-768x374.jpg 768w, https:\/\/www.zamek-frystat.cz\/wp-content\/uploads\/2024\/09\/expozicengp.jpg 1024w\" sizes=\"auto, (max-width: 725px) 100vw, 725px\" \/><\/p>\n","protected":false},"excerpt":{"rendered":"<p>Nov\u00e1 expozice NGP V z\u00e1\u0159\u00ed 2024 byla ve vedlej\u0161\u00ed budov\u011b z\u00e1mku zvan\u00e9 Lottyhaus otev\u0159ena nov\u00e1 expozice N\u00e1rodn\u00ed galerie Praha s n\u00e1zvem Hav\u00ed\u0159sk\u00e1 balada: Sto rok\u016f hornictv\u00ed v um\u011bn\u00ed. Expozice, kter\u00e1 tvo\u0159\u00ed III. z\u00e1meck\u00fd okruh, p\u0159edstavuje d\u00edla s hornickou tematikou ze sb\u00edrek N\u00e1rodn\u00ed galerie dopln\u011bn\u00e1 o zap\u016fj\u010den\u00e1 d\u00edla sou\u010dasn\u00fdch um\u011blc\u016f. Pokr\u00fdv\u00e1 [&hellip;]<\/p>\n","protected":false},"author":1,"featured_media":0,"parent":0,"menu_order":0,"comment_status":"closed","ping_status":"closed","template":"","meta":{"footnotes":""},"class_list":["post-3259","page","type-page","status-publish","hentry"],"_links":{"self":[{"href":"https:\/\/www.zamek-frystat.cz\/index.php\/wp-json\/wp\/v2\/pages\/3259","targetHints":{"allow":["GET"]}}],"collection":[{"href":"https:\/\/www.zamek-frystat.cz\/index.php\/wp-json\/wp\/v2\/pages"}],"about":[{"href":"https:\/\/www.zamek-frystat.cz\/index.php\/wp-json\/wp\/v2\/types\/page"}],"author":[{"embeddable":true,"href":"https:\/\/www.zamek-frystat.cz\/index.php\/wp-json\/wp\/v2\/users\/1"}],"replies":[{"embeddable":true,"href":"https:\/\/www.zamek-frystat.cz\/index.php\/wp-json\/wp\/v2\/comments?post=3259"}],"version-history":[{"count":1,"href":"https:\/\/www.zamek-frystat.cz\/index.php\/wp-json\/wp\/v2\/pages\/3259\/revisions"}],"predecessor-version":[{"id":3261,"href":"https:\/\/www.zamek-frystat.cz\/index.php\/wp-json\/wp\/v2\/pages\/3259\/revisions\/3261"}],"wp:attachment":[{"href":"https:\/\/www.zamek-frystat.cz\/index.php\/wp-json\/wp\/v2\/media?parent=3259"}],"curies":[{"name":"wp","href":"https:\/\/api.w.org\/{rel}","templated":true}]}}