{"id":439,"date":"2016-10-14T18:00:40","date_gmt":"2016-10-14T17:00:40","guid":{"rendered":"http:\/\/www.zamek-frystat.cz\/?page_id=439"},"modified":"2016-10-28T17:15:15","modified_gmt":"2016-10-28T16:15:15","slug":"kostel-povyseni-sv-krize","status":"publish","type":"page","link":"https:\/\/www.zamek-frystat.cz\/index.php\/kostel-povyseni-sv-krize\/","title":{"rendered":"Kostel Pov\u00fd\u0161en\u00ed sv. K\u0159\u00ed\u017ee"},"content":{"rendered":"<p>Farn\u00ed kostel Pov\u00fd\u0161en\u00ed sv. K\u0159\u00ed\u017ee je nejstar\u0161\u00edm sv\u011bdkem mnohotv\u00e1rn\u00e9 historie m\u011bsta. P\u0159edpokl\u00e1d\u00e1 se, \u017ee byl postaven v obdob\u00ed zalo\u017een\u00ed Fry\u0161t\u00e1tu koncem 13. stolet\u00ed nebo za\u010d\u00e1tkem stolet\u00ed 14. Z roku 1377 je existence kostela dolo\u017eena p\u00edsemn\u011b. Vzhledem k tomu, \u017ee byl postaven jako jedin\u00e1 zd\u011bn\u00e1 stavba ve m\u011bst\u011b, p\u0159e\u010dkal mnoh\u00e1 ne\u0161t\u011bst\u00ed a pohromy, kter\u00e9 jin\u00e9 stavby, v\u011bt\u0161inou d\u0159ev\u011bn\u00e9, po\u0161kodily nebo zni\u010dily. Gotick\u00e1 stavba byla postupn\u011b dopl\u0148ov\u00e1na prvky renesance a baroka, kostel si v\u0161ak zvn\u011bj\u0161ku zachoval gotick\u00fd r\u00e1z.<\/p>\n<p>V\u00a0interi\u00e9ru je n\u011bkolik zaj\u00edmav\u00fdch obraz\u016f, z\u00a0nich\u017e nejpozoruhodn\u011bj\u0161\u00ed je asi obraz Z\u00e1zra\u010dn\u00e1 Panna Maria Fry\u0161t\u00e1tsk\u00e1, kter\u00e9mu v\u011b\u0159\u00edc\u00ed p\u0159isuzovali mnoho z\u00e1zra\u010dn\u00fdch uzdraven\u00ed. Mistrovsk\u00fdm d\u00edlem jsou tak\u00e9 d\u0159ev\u011bn\u00e9 plastiky sv. Petra a Pavla socha\u0159e Bernarda Kutzera. Je zde i n\u00e1hrobek s\u00a0ostatky posledn\u00edho rodov\u00e9ho majitele z\u00e1mku Fry\u0161t\u00e1tu a cel\u00e9ho zdej\u0161\u00edho panstv\u00ed. P\u0159i odchodu zaujmou n\u00e1v\u0161t\u011bvn\u00edka kr\u00e1sn\u00e9 varhany z\u00a0r. 1804.<\/p>\n<p>V are\u00e1lu farn\u00edho kostela se nach\u00e1z\u00ed n\u011bkolik hodnotn\u00fdch barokn\u00edch soch \u2013 sv. Jan Nepomuck\u00fd (1775) \u2013 byl zde p\u0159em\u00edst\u011bn z\u00a0Karvin\u00e9-Dol\u016f, stejn\u011b jako socha Panny Marie Bolestn\u00e9 z\u00a0pol. 18. st., sv. Jan Nepomuck\u00fd (1747) \u2013 p\u016fvodn\u011b st\u00e1l u ka\u0161ny a p\u0159ed kostelem stoj\u00ed socha sv. Patrika z pol. 18. stolet\u00ed . P\u0159ed farn\u00edm kostelem v\u00a0bl\u00edzkosti vstupu se nach\u00e1z\u00ed novogotick\u00fd litinov\u00fd k\u0159\u00ed\u017e z\u00a02.pol. 19. stol. S vedlej\u0161\u00edm z\u00e1mkem Fry\u0161t\u00e1tem je kostel spojen krytou chodbou, kter\u00e1 z\u00e1rove\u0148 vytv\u00e1\u0159\u00ed hlavn\u00ed vstup z Masarykova n\u00e1m\u011bst\u00ed do p\u0159ilehl\u00e9ho parku Bo\u017eeny N\u011bmcov\u00e9 (z\u00e1meck\u00fd park). Tato chodba je vyu\u017e\u00edv\u00e1na v\u00a0r\u00e1mci speci\u00e1ln\u00edch prohl\u00eddek z\u00e1mku a kostela. K\u00a0zvonu zdej\u0161\u00edho kostela se v\u00e1\u017ee tak\u00e9 jedna karvinsk\u00e1 pov\u011bst \u201eLegenda o \u010darovn\u00e9m zvonu\u201c<\/p>\n<p>V kostele se konaj\u00ed pravideln\u00e9 m\u0161e v \u010desk\u00e9m i polsk\u00e9m jazyce.<\/p>\n<p><img loading=\"lazy\" decoding=\"async\" class=\"alignnone size-medium wp-image-572\" src=\"https:\/\/www.zamek-frystat.cz\/wp-content\/uploads\/2016\/08\/1293.-Fry\u0161t\u00e1t-z-parku-zhora-300x200.jpg\" alt=\"1293-frystat-z-parku-zhora\" width=\"300\" height=\"200\" srcset=\"https:\/\/www.zamek-frystat.cz\/wp-content\/uploads\/2016\/08\/1293.-Fry\u0161t\u00e1t-z-parku-zhora-300x200.jpg 300w, https:\/\/www.zamek-frystat.cz\/wp-content\/uploads\/2016\/08\/1293.-Fry\u0161t\u00e1t-z-parku-zhora-768x512.jpg 768w, https:\/\/www.zamek-frystat.cz\/wp-content\/uploads\/2016\/08\/1293.-Fry\u0161t\u00e1t-z-parku-zhora-1024x683.jpg 1024w, https:\/\/www.zamek-frystat.cz\/wp-content\/uploads\/2016\/08\/1293.-Fry\u0161t\u00e1t-z-parku-zhora.jpg 1685w\" sizes=\"auto, (max-width: 300px) 100vw, 300px\" \/> <img loading=\"lazy\" decoding=\"async\" class=\"alignnone size-medium wp-image-568\" src=\"https:\/\/www.zamek-frystat.cz\/wp-content\/uploads\/2016\/08\/1033.kostel-PSKPatrik-a-br\u00e1na-fary-1-300x213.jpg\" alt=\"1033-kostel-pskpatrik-a-brana-fary\" width=\"300\" height=\"213\" srcset=\"https:\/\/www.zamek-frystat.cz\/wp-content\/uploads\/2016\/08\/1033.kostel-PSKPatrik-a-br\u00e1na-fary-1-300x213.jpg 300w, https:\/\/www.zamek-frystat.cz\/wp-content\/uploads\/2016\/08\/1033.kostel-PSKPatrik-a-br\u00e1na-fary-1-768x546.jpg 768w, https:\/\/www.zamek-frystat.cz\/wp-content\/uploads\/2016\/08\/1033.kostel-PSKPatrik-a-br\u00e1na-fary-1-1024x728.jpg 1024w\" sizes=\"auto, (max-width: 300px) 100vw, 300px\" \/> <img loading=\"lazy\" decoding=\"async\" class=\"alignnone size-medium wp-image-551\" src=\"https:\/\/www.zamek-frystat.cz\/wp-content\/uploads\/2016\/08\/DSC_0042-300x201.jpg\" alt=\"dsc_0042\" width=\"300\" height=\"201\" srcset=\"https:\/\/www.zamek-frystat.cz\/wp-content\/uploads\/2016\/08\/DSC_0042-300x201.jpg 300w, https:\/\/www.zamek-frystat.cz\/wp-content\/uploads\/2016\/08\/DSC_0042-768x514.jpg 768w, https:\/\/www.zamek-frystat.cz\/wp-content\/uploads\/2016\/08\/DSC_0042-1024x685.jpg 1024w, https:\/\/www.zamek-frystat.cz\/wp-content\/uploads\/2016\/08\/DSC_0042.jpg 1936w\" sizes=\"auto, (max-width: 300px) 100vw, 300px\" \/><\/p>\n","protected":false},"excerpt":{"rendered":"<p>Farn\u00ed kostel Pov\u00fd\u0161en\u00ed sv. K\u0159\u00ed\u017ee je nejstar\u0161\u00edm sv\u011bdkem mnohotv\u00e1rn\u00e9 historie m\u011bsta. P\u0159edpokl\u00e1d\u00e1 se, \u017ee byl postaven v obdob\u00ed zalo\u017een\u00ed Fry\u0161t\u00e1tu koncem 13. stolet\u00ed nebo za\u010d\u00e1tkem stolet\u00ed 14. Z roku 1377 je existence kostela dolo\u017eena p\u00edsemn\u011b. Vzhledem k tomu, \u017ee byl postaven jako jedin\u00e1 zd\u011bn\u00e1 stavba ve m\u011bst\u011b, p\u0159e\u010dkal mnoh\u00e1 ne\u0161t\u011bst\u00ed [&hellip;]<\/p>\n","protected":false},"author":1,"featured_media":0,"parent":0,"menu_order":0,"comment_status":"closed","ping_status":"closed","template":"","meta":{"footnotes":""},"class_list":["post-439","page","type-page","status-publish","hentry"],"_links":{"self":[{"href":"https:\/\/www.zamek-frystat.cz\/index.php\/wp-json\/wp\/v2\/pages\/439","targetHints":{"allow":["GET"]}}],"collection":[{"href":"https:\/\/www.zamek-frystat.cz\/index.php\/wp-json\/wp\/v2\/pages"}],"about":[{"href":"https:\/\/www.zamek-frystat.cz\/index.php\/wp-json\/wp\/v2\/types\/page"}],"author":[{"embeddable":true,"href":"https:\/\/www.zamek-frystat.cz\/index.php\/wp-json\/wp\/v2\/users\/1"}],"replies":[{"embeddable":true,"href":"https:\/\/www.zamek-frystat.cz\/index.php\/wp-json\/wp\/v2\/comments?post=439"}],"version-history":[{"count":2,"href":"https:\/\/www.zamek-frystat.cz\/index.php\/wp-json\/wp\/v2\/pages\/439\/revisions"}],"predecessor-version":[{"id":594,"href":"https:\/\/www.zamek-frystat.cz\/index.php\/wp-json\/wp\/v2\/pages\/439\/revisions\/594"}],"wp:attachment":[{"href":"https:\/\/www.zamek-frystat.cz\/index.php\/wp-json\/wp\/v2\/media?parent=439"}],"curies":[{"name":"wp","href":"https:\/\/api.w.org\/{rel}","templated":true}]}}

Kostel Povýšení sv. Kříže

<p>Farní kostel Povýšení sv. Kříže je nejstarším svědkem mnohotvárné historie města. Předpokládá se, že byl postaven v období založení Fryštátu koncem 13. století nebo začátkem století 14. Z roku 1377 je existence kostela doložena písemně. Vzhledem k tomu, že byl postaven jako jediná zděná stavba ve městě, přečkal mnohá neštěstí a pohromy, které jiné stavby, většinou dřevěné, poškodily nebo zničily. Gotická stavba byla postupně doplňována prvky renesance a baroka, kostel si však zvnějšku zachoval gotický ráz.</p>
<p>V interiéru je několik zajímavých obrazů, z nichž nejpozoruhodnější je asi obraz Zázračná Panna Maria Fryštátská, kterému věřící přisuzovali mnoho zázračných uzdravení. Mistrovským dílem jsou také dřevěné plastiky sv. Petra a Pavla sochaře Bernarda Kutzera. Je zde i náhrobek s ostatky posledního rodového majitele zámku Fryštátu a celého zdejšího panství. Při odchodu zaujmou návštěvníka krásné varhany z r. 1804.</p>
<p>V areálu farního kostela se nachází několik hodnotných barokních soch – sv. Jan Nepomucký (1775) – byl zde přemístěn z Karviné-Dolů, stejně jako socha Panny Marie Bolestné z pol. 18. st., sv. Jan Nepomucký (1747) – původně stál u kašny a před kostelem stojí socha sv. Patrika z pol. 18. století . Před farním kostelem v blízkosti vstupu se nachází novogotický litinový kříž z 2.pol. 19. stol. S vedlejším zámkem Fryštátem je kostel spojen krytou chodbou, která zároveň vytváří hlavní vstup z Masarykova náměstí do přilehlého parku Boženy Němcové (zámecký park). Tato chodba je využívána v rámci speciálních prohlídek zámku a kostela. K zvonu zdejšího kostela se váže také jedna karvinská pověst „Legenda o čarovném zvonu“</p>
<p>V kostele se konají pravidelné mše v českém i polském jazyce.</p>
<p><img loading="lazy" decoding="async" class="alignnone size-medium wp-image-572" src="https://www.zamek-frystat.cz/wp-content/uploads/2016/08/1293.-Fryštát-z-parku-zhora-300x200.jpg" alt="1293-frystat-z-parku-zhora" width="300" height="200" srcset="https://www.zamek-frystat.cz/wp-content/uploads/2016/08/1293.-Fryštát-z-parku-zhora-300x200.jpg 300w, https://www.zamek-frystat.cz/wp-content/uploads/2016/08/1293.-Fryštát-z-parku-zhora-768x512.jpg 768w, https://www.zamek-frystat.cz/wp-content/uploads/2016/08/1293.-Fryštát-z-parku-zhora-1024x683.jpg 1024w, https://www.zamek-frystat.cz/wp-content/uploads/2016/08/1293.-Fryštát-z-parku-zhora.jpg 1685w" sizes="auto, (max-width: 300px) 100vw, 300px" /> <img loading="lazy" decoding="async" class="alignnone size-medium wp-image-568" src="https://www.zamek-frystat.cz/wp-content/uploads/2016/08/1033.kostel-PSKPatrik-a-brána-fary-1-300x213.jpg" alt="1033-kostel-pskpatrik-a-brana-fary" width="300" height="213" srcset="https://www.zamek-frystat.cz/wp-content/uploads/2016/08/1033.kostel-PSKPatrik-a-brána-fary-1-300x213.jpg 300w, https://www.zamek-frystat.cz/wp-content/uploads/2016/08/1033.kostel-PSKPatrik-a-brána-fary-1-768x546.jpg 768w, https://www.zamek-frystat.cz/wp-content/uploads/2016/08/1033.kostel-PSKPatrik-a-brána-fary-1-1024x728.jpg 1024w" sizes="auto, (max-width: 300px) 100vw, 300px" /> <img loading="lazy" decoding="async" class="alignnone size-medium wp-image-551" src="https://www.zamek-frystat.cz/wp-content/uploads/2016/08/DSC_0042-300x201.jpg" alt="dsc_0042" width="300" height="201" srcset="https://www.zamek-frystat.cz/wp-content/uploads/2016/08/DSC_0042-300x201.jpg 300w, https://www.zamek-frystat.cz/wp-content/uploads/2016/08/DSC_0042-768x514.jpg 768w, https://www.zamek-frystat.cz/wp-content/uploads/2016/08/DSC_0042-1024x685.jpg 1024w, https://www.zamek-frystat.cz/wp-content/uploads/2016/08/DSC_0042.jpg 1936w" sizes="auto, (max-width: 300px) 100vw, 300px" /></p>

<p>Farní kostel Povýšení sv. Kříže je nejstarším svědkem mnohotvárné historie města. Předpokládá se, že byl postaven v období založení Fryštátu koncem 13. století nebo začátkem století 14. Z roku 1377 je existence kostela doložena písemně. Vzhledem k tomu, že byl postaven jako jediná zděná stavba ve městě, přečkal mnohá neštěstí [&hellip;]</p>
