{"id":44,"date":"2016-08-03T12:04:55","date_gmt":"2016-08-03T11:04:55","guid":{"rendered":"http:\/\/zamek-frystat.karvina.org\/?page_id=44"},"modified":"2023-10-18T07:43:32","modified_gmt":"2023-10-18T06:43:32","slug":"o-zamku","status":"publish","type":"page","link":"https:\/\/www.zamek-frystat.cz\/index.php\/o-zamku\/","title":{"rendered":"O z\u00e1mku a jeho okol\u00ed"},"content":{"rendered":"<p>Emp\u00edrov\u00fd z\u00e1mek Fry\u0161t\u00e1t je jedine\u010dnou pam\u00e1tkou sv\u00e9ho druhu ve zdej\u0161\u00edm regionu a p\u0159edstavuje opravdov\u00fd unik\u00e1t v oblasti, kter\u00e1 byla p\u016fvodn\u011b p\u0159edur\u010dena k v\u00fdlu\u010dn\u00e9 industrializaci. O t\u00e9to skute\u010dnosti sv\u011bd\u010d\u00ed i fakt, \u017ee se z\u00e1mek Fry\u0161t\u00e1t dochoval pouze jako jedin\u00fd ze \u010dty\u0159 \u0161lechtick\u00fdch s\u00eddel, kter\u00e9 se na \u00fazem\u00ed m\u011bsta nach\u00e1zely je\u0161t\u011b ve 20. stolet\u00ed.<\/p>\n<p><img loading=\"lazy\" decoding=\"async\" class=\"wp-image-61 aligncenter\" src=\"https:\/\/www.zamek-frystat.cz\/wp-content\/uploads\/2016\/08\/a1-300x175.jpg\" alt=\"a1\" width=\"521\" height=\"304\" \/> <img loading=\"lazy\" decoding=\"async\" class=\"wp-image-62 aligncenter\" src=\"https:\/\/www.zamek-frystat.cz\/wp-content\/uploads\/2016\/08\/a2-300x175.jpg\" alt=\"a2\" width=\"518\" height=\"302\" \/><\/p>\n<p>Historie z\u00e1mku je spjata p\u0159edev\u0161\u00edm s jeho zakladateli, kter\u00fdmi byla kn\u00ed\u017eec\u00ed rodina t\u011b\u0161\u00ednsk\u00fdch Piastovc\u016f, a s jeho posledn\u00edmi majiteli, hrab\u011bc\u00edm rodem Larisch-M\u00f6nnich\u016f , kter\u00fd m\u011bl v\u00fdznamn\u00e9 postaven\u00ed u c\u00edsa\u0159sk\u00e9ho dvora a byl sp\u0159\u00edzn\u011bn s c\u00edsa\u0159ovnou Al\u017eb\u011btou zvanou \u201eSissi\u201c.<\/p>\n<p><img loading=\"lazy\" decoding=\"async\" class=\"wp-image-74 aligncenter\" src=\"https:\/\/www.zamek-frystat.cz\/wp-content\/uploads\/2016\/08\/108148-300x151.jpg\" alt=\"108148\" width=\"559\" height=\"281\" srcset=\"https:\/\/www.zamek-frystat.cz\/wp-content\/uploads\/2016\/08\/108148-300x151.jpg 300w, https:\/\/www.zamek-frystat.cz\/wp-content\/uploads\/2016\/08\/108148-750x377.jpg 750w, https:\/\/www.zamek-frystat.cz\/wp-content\/uploads\/2016\/08\/108148.jpg 751w\" sizes=\"auto, (max-width: 559px) 100vw, 559px\" \/> <img loading=\"lazy\" decoding=\"async\" class=\"wp-image-73 aligncenter\" src=\"https:\/\/www.zamek-frystat.cz\/wp-content\/uploads\/2016\/08\/108146-300x177.jpg\" alt=\"108146\" width=\"560\" height=\"330\" srcset=\"https:\/\/www.zamek-frystat.cz\/wp-content\/uploads\/2016\/08\/108146-300x177.jpg 300w, https:\/\/www.zamek-frystat.cz\/wp-content\/uploads\/2016\/08\/108146.jpg 515w\" sizes=\"auto, (max-width: 560px) 100vw, 560px\" \/><\/p>\n<p>Od roku 1997 je z\u00e1mek po rozs\u00e1hl\u00e9 rekonstrukci p\u0159\u00edstupn\u00fd ve\u0159ejnosti. V pr\u016fb\u011bhu prohl\u00eddky stylov\u011b za\u0159\u00edzen\u00fdch m\u00edstnost\u00ed jak hlavn\u00ed budovy z\u00e1mku, tak budovy Lottyhaus, jste zasv\u011bceni do \u017eivota zdej\u0161\u00ed \u0161lechty, zejm\u00e9na z obdob\u00ed p\u0159elomu 19. a 20. stolet\u00ed . Jedna z reprezenta\u010dn\u00edch m\u00edstnost\u00ed slou\u017e\u00ed tak\u00e9 ke kon\u00e1n\u00ed svatebn\u00edch ob\u0159ad\u016f a p\u0159\u00edle\u017eitostn\u00fdch koncert\u016f komorn\u00edho charakteru.<\/p>\n<p><img loading=\"lazy\" decoding=\"async\" class=\"alignnone wp-image-63\" src=\"https:\/\/www.zamek-frystat.cz\/wp-content\/uploads\/2016\/08\/a3-300x175.jpg\" alt=\"a3\" width=\"363\" height=\"212\" \/> <img loading=\"lazy\" decoding=\"async\" class=\"alignnone wp-image-64\" src=\"https:\/\/www.zamek-frystat.cz\/wp-content\/uploads\/2016\/08\/a4-300x175.jpg\" alt=\"a4\" width=\"364\" height=\"212\" \/> <img loading=\"lazy\" decoding=\"async\" class=\"wp-image-525 aligncenter\" src=\"https:\/\/www.zamek-frystat.cz\/wp-content\/uploads\/2016\/08\/578.Z\u00e1mek-Fry\u0161t\u00e1t-9-300x200.jpg\" alt=\"578-zamek-frystat-9\" width=\"359\" height=\"240\" srcset=\"https:\/\/www.zamek-frystat.cz\/wp-content\/uploads\/2016\/08\/578.Z\u00e1mek-Fry\u0161t\u00e1t-9-300x200.jpg 300w, https:\/\/www.zamek-frystat.cz\/wp-content\/uploads\/2016\/08\/578.Z\u00e1mek-Fry\u0161t\u00e1t-9-768x512.jpg 768w, https:\/\/www.zamek-frystat.cz\/wp-content\/uploads\/2016\/08\/578.Z\u00e1mek-Fry\u0161t\u00e1t-9-1024x683.jpg 1024w\" sizes=\"auto, (max-width: 359px) 100vw, 359px\" \/><\/p>\n<p>Z\u00e1mek je z jedn\u00e9 strany spojen krytou chodbou s orato\u0159\u00ed kostela Pov\u00fd\u0161en\u00ed sv. K\u0159\u00ed\u017ee a z druh\u00e9 strany je sklen\u011bnou chodbou propojen s vedlej\u0161\u00ed budovou \u201eLottyhaus\u201c, se kterou tvo\u0159\u00ed jednotn\u00fd architektonick\u00fd celek. U hlavn\u00edho vstupu jsou po obou stran\u00e1ch um\u00edst\u011bny dv\u011b ran\u011b barokn\u00ed sochy Herkul\u016f.<\/p>\n<p><img loading=\"lazy\" decoding=\"async\" class=\"wp-image-545 aligncenter\" src=\"https:\/\/www.zamek-frystat.cz\/wp-content\/uploads\/2016\/08\/1033.kostel-PSKPatrik-a-br\u00e1na-fary-300x213.jpg\" alt=\"1033-kostel-pskpatrik-a-brana-fary\" width=\"536\" height=\"380\" srcset=\"https:\/\/www.zamek-frystat.cz\/wp-content\/uploads\/2016\/08\/1033.kostel-PSKPatrik-a-br\u00e1na-fary-300x213.jpg 300w, https:\/\/www.zamek-frystat.cz\/wp-content\/uploads\/2016\/08\/1033.kostel-PSKPatrik-a-br\u00e1na-fary-768x546.jpg 768w\" sizes=\"auto, (max-width: 536px) 100vw, 536px\" \/> <img loading=\"lazy\" decoding=\"async\" class=\"wp-image-580 aligncenter\" src=\"https:\/\/www.zamek-frystat.cz\/wp-content\/uploads\/2016\/08\/586.Z\u00e1mek-Fry\u0161t\u00e1t-17-300x200.jpg\" alt=\"586-zamek-frystat-17\" width=\"539\" height=\"360\" srcset=\"https:\/\/www.zamek-frystat.cz\/wp-content\/uploads\/2016\/08\/586.Z\u00e1mek-Fry\u0161t\u00e1t-17-300x200.jpg 300w, https:\/\/www.zamek-frystat.cz\/wp-content\/uploads\/2016\/08\/586.Z\u00e1mek-Fry\u0161t\u00e1t-17-768x512.jpg 768w, https:\/\/www.zamek-frystat.cz\/wp-content\/uploads\/2016\/08\/586.Z\u00e1mek-Fry\u0161t\u00e1t-17-1024x683.jpg 1024w\" sizes=\"auto, (max-width: 539px) 100vw, 539px\" \/><\/p>\n<p><span>Z\u00e1meck\u00fd park\/park B. N\u011bmcov\u00e9 \u2013 jako o\u00e1za klidu v\u00a0ru\u0161n\u00e9m \u017eivot\u011b mnohatis\u00edcov\u00e9ho m\u011bsta p\u016fsob\u00ed rozlehl\u00fd krajin\u00e1\u0159sk\u00fd park, kter\u00fd se na plo\u0161e 51 ha rozprost\u00edr\u00e1 ji\u017en\u011b od centr\u00e1ln\u00edho n\u00e1m\u011bst\u00ed pod z\u00e1mkem Fry\u0161t\u00e1t. Park, kter\u00fd nyn\u00ed ofici\u00e1ln\u011b nese n\u00e1zev park Bo\u017eeny N\u011bmcov\u00e9, je od roku 1992 sou\u010d\u00e1st\u00ed m\u011bstsk\u00e9 pam\u00e1tkov\u00e9 z\u00f3ny, av\u0161ak ji\u017e v r. 1958 byl prohl\u00e1\u0161en kulturn\u00ed pam\u00e1tkou. Po posledn\u00ed p\u0159estavb\u011b z\u00e1mku v\u00a0emp\u00edrov\u00e9m slohu byl p\u016fvodn\u011b barokn\u00ed park upraven od r. 1804 do anglick\u00e9ho parkov\u00e9ho a zahradn\u00edho stylu. Z\u00a0t\u00e9to doby se zde zachovaly n\u011bkter\u00e9 stromov\u00e9 aleje i vz\u00e1cn\u00e9 solit\u00e9ry. V\u00a0r\u016fzn\u00fdch \u010d\u00e1stech najdete nap\u0159\u00edklad rozs\u00e1hl\u00fd d\u011btsk\u00fd koutek, Larisch\u016fv alt\u00e1n, baz\u00e9n s\u00a0putti, zookoutek a \u00fapln\u011b na konci u slep\u00e9ho ramene \u0159eky Ol\u0161e rekrea\u010dn\u00ed are\u00e1l Lod\u011bnice. Na okraji parku je amfite\u00e1tr a pod kosteln\u00ed zd\u00ed se nach\u00e1z\u00ed rodov\u00e1 hrobka Larisch-M\u00f6nnich\u016f. Relaxovat zde m\u016f\u017eete na mnoho zp\u016fsob\u016f \u2013 projet se v\u00a0ko\u010d\u00e1\u0159e, projet se po n\u011bkter\u00e9 z\u00a0cyklotras na kole, zabruslit si, plout na lodi\u010dce, zaryba\u0159it si nebo se jen tak proj\u00edt a posed\u011bt na lavi\u010dce. D\u011bti nejv\u00edc pot\u011b\u0161\u00ed spousta atrakc\u00ed v\u00a0d\u011btsk\u00e9m koutku s\u00a0d\u0159ev\u011bn\u00fdmi domky, lanov\u00edm nebo \u017eeb\u0159\u00edky a krmen\u00ed zv\u00ed\u0159\u00e1tek v\u00a0nedalek\u00e9m v\u00fdb\u011bhu s mal\u00fdm\u00a0 st\u00e1dem da\u0148k\u016f, jelen\u016f sika a n\u011bkolika kus\u016f kamerunsk\u00fdch koz. O letn\u00edch noc\u00edch se temperament tohoto romantick\u00e9ho z\u00e1kout\u00ed v\u00a0jeho nejji\u017en\u011bj\u0161\u00edm c\u00edpu dost\u00e1v\u00e1 do varu a l\u00e1k\u00e1 na obl\u00edben\u00e9 hudebn\u00ed akce. <\/span><\/p>\n<p><span>Zvl\u00e1\u0161t\u011b kr\u00e1sn\u00fd pohled na z\u00e1meck\u00fd park je p\u0159\u00edmo ze z\u00e1mku. Nezapome\u0148te se proto p\u0159i jeho prohl\u00eddce pod\u00edvat z\u00a0okna P\u00e1nsk\u00e9ho salonu a za jasn\u00e9ho po\u010das\u00ed se v\u00e1m uk\u00e1\u017e\u00ed i Beskydy<\/span>.<\/p>\n<p>.<\/p>\n<p><img loading=\"lazy\" decoding=\"async\" class=\"alignnone wp-image-520\" src=\"https:\/\/www.zamek-frystat.cz\/wp-content\/uploads\/2016\/08\/karvina_image-82-300x199.jpg\" alt=\"karvina_image-82\" width=\"348\" height=\"231\" srcset=\"https:\/\/www.zamek-frystat.cz\/wp-content\/uploads\/2016\/08\/karvina_image-82-300x199.jpg 300w, https:\/\/www.zamek-frystat.cz\/wp-content\/uploads\/2016\/08\/karvina_image-82-768x509.jpg 768w, https:\/\/www.zamek-frystat.cz\/wp-content\/uploads\/2016\/08\/karvina_image-82-1024x678.jpg 1024w, https:\/\/www.zamek-frystat.cz\/wp-content\/uploads\/2016\/08\/karvina_image-82.jpg 1600w\" sizes=\"auto, (max-width: 348px) 100vw, 348px\" \/> <img loading=\"lazy\" decoding=\"async\" class=\"wp-image-517 alignnone\" src=\"https:\/\/www.zamek-frystat.cz\/wp-content\/uploads\/2016\/08\/karvina_image-78-300x199.jpg\" alt=\"karvina_image-78\" width=\"346\" height=\"229\" srcset=\"https:\/\/www.zamek-frystat.cz\/wp-content\/uploads\/2016\/08\/karvina_image-78-300x199.jpg 300w, https:\/\/www.zamek-frystat.cz\/wp-content\/uploads\/2016\/08\/karvina_image-78-768x509.jpg 768w, https:\/\/www.zamek-frystat.cz\/wp-content\/uploads\/2016\/08\/karvina_image-78-1024x678.jpg 1024w, https:\/\/www.zamek-frystat.cz\/wp-content\/uploads\/2016\/08\/karvina_image-78.jpg 1600w\" sizes=\"auto, (max-width: 346px) 100vw, 346px\" \/> <img loading=\"lazy\" decoding=\"async\" class=\"wp-image-516 aligncenter\" src=\"https:\/\/www.zamek-frystat.cz\/wp-content\/uploads\/2016\/08\/karvina_image-71-300x199.jpg\" alt=\"karvina_image-71\" width=\"349\" height=\"231\" srcset=\"https:\/\/www.zamek-frystat.cz\/wp-content\/uploads\/2016\/08\/karvina_image-71-300x199.jpg 300w, https:\/\/www.zamek-frystat.cz\/wp-content\/uploads\/2016\/08\/karvina_image-71-768x509.jpg 768w, https:\/\/www.zamek-frystat.cz\/wp-content\/uploads\/2016\/08\/karvina_image-71-1024x678.jpg 1024w, https:\/\/www.zamek-frystat.cz\/wp-content\/uploads\/2016\/08\/karvina_image-71.jpg 1600w\" sizes=\"auto, (max-width: 349px) 100vw, 349px\" \/><\/p>\n<p>Severn\u011b je z\u00e1mek situov\u00e1n sm\u011brem do centr\u00e1ln\u00edho n\u00e1m\u011bst\u00ed (Masarykovo n\u00e1m.) Karvin\u00e9, kde je soust\u0159ed\u011bno nejv\u00edce stavebn\u00edch pam\u00e1tek m\u011bsta. Nach\u00e1z\u00ed se zde ji\u017e zm\u00edn\u011bn\u00fd farn\u00ed kostel Pov\u00fd\u0161en\u00ed sv. K\u0159\u00ed\u017ee s farou a farskou zahradou. N\u00e1m\u011bst\u00ed je lemov\u00e1no \u0159adou m\u011b\u0161\u0165ansk\u00fdch dom\u016f s dobovou \u0161tukovou v\u00fdzdobou. N\u011bkter\u00e9 z nich, jako nap\u0159\u00edklad d\u016fm, ve kter\u00e9m nyn\u00ed s\u00eddl\u00ed knihovna, pat\u0159\u00ed mezi kulturn\u00ed pam\u00e1tky. Centrum n\u00e1m\u011bst\u00ed zdob\u00ed litinov\u00e1 ka\u0161na z r. 1900. Cel\u00e9mu n\u00e1m\u011bst\u00ed v\u00e9vod\u00ed radnice s renesan\u010dn\u00ed v\u011b\u017e\u00ed, na kter\u00e9 se dochovala \u010d\u00e1st \u0159et\u011bzu z ve\u0159ejn\u00e9ho pran\u00fd\u0159e. Kousek od n\u00e1m\u011bst\u00ed je dal\u0161\u00ed sakr\u00e1ln\u00ed pam\u00e1tka, a tou je kostel sv. Marka.<\/p>\n<p><img loading=\"lazy\" decoding=\"async\" src=\"https:\/\/www.zamek-frystat.cz\/wp-content\/uploads\/2023\/04\/2069-1024x767.jpg\" alt=\"\" class=\"alignnone size-large wp-image-2633\" width=\"750\" height=\"562\" srcset=\"https:\/\/www.zamek-frystat.cz\/wp-content\/uploads\/2023\/04\/2069-1024x767.jpg 1024w, https:\/\/www.zamek-frystat.cz\/wp-content\/uploads\/2023\/04\/2069-300x225.jpg 300w, https:\/\/www.zamek-frystat.cz\/wp-content\/uploads\/2023\/04\/2069-768x575.jpg 768w, https:\/\/www.zamek-frystat.cz\/wp-content\/uploads\/2023\/04\/2069.jpg 1408w\" sizes=\"auto, (max-width: 750px) 100vw, 750px\" \/><\/p>\n<p>Pam\u00e1tky m\u011bsta a dal\u0161\u00ed zaj\u00edmavosti a atraktivity k n\u00e1v\u0161t\u011bv\u011b najdete na tomto turistick\u00e9m <a href=\"https:\/\/www.karvinainfo.cz\/\">port\u00e1le<\/a>.<\/p>\n","protected":false},"excerpt":{"rendered":"<p>Emp\u00edrov\u00fd z\u00e1mek Fry\u0161t\u00e1t je jedine\u010dnou pam\u00e1tkou sv\u00e9ho druhu ve zdej\u0161\u00edm regionu a p\u0159edstavuje opravdov\u00fd unik\u00e1t v oblasti, kter\u00e1 byla p\u016fvodn\u011b p\u0159edur\u010dena k v\u00fdlu\u010dn\u00e9 industrializaci. O t\u00e9to skute\u010dnosti sv\u011bd\u010d\u00ed i fakt, \u017ee se z\u00e1mek Fry\u0161t\u00e1t dochoval pouze jako jedin\u00fd ze \u010dty\u0159 \u0161lechtick\u00fdch s\u00eddel, kter\u00e9 se na \u00fazem\u00ed m\u011bsta nach\u00e1zely je\u0161t\u011b ve [&hellip;]<\/p>\n","protected":false},"author":1,"featured_media":0,"parent":0,"menu_order":0,"comment_status":"closed","ping_status":"closed","template":"","meta":{"footnotes":""},"class_list":["post-44","page","type-page","status-publish","hentry"],"_links":{"self":[{"href":"https:\/\/www.zamek-frystat.cz\/index.php\/wp-json\/wp\/v2\/pages\/44","targetHints":{"allow":["GET"]}}],"collection":[{"href":"https:\/\/www.zamek-frystat.cz\/index.php\/wp-json\/wp\/v2\/pages"}],"about":[{"href":"https:\/\/www.zamek-frystat.cz\/index.php\/wp-json\/wp\/v2\/types\/page"}],"author":[{"embeddable":true,"href":"https:\/\/www.zamek-frystat.cz\/index.php\/wp-json\/wp\/v2\/users\/1"}],"replies":[{"embeddable":true,"href":"https:\/\/www.zamek-frystat.cz\/index.php\/wp-json\/wp\/v2\/comments?post=44"}],"version-history":[{"count":33,"href":"https:\/\/www.zamek-frystat.cz\/index.php\/wp-json\/wp\/v2\/pages\/44\/revisions"}],"predecessor-version":[{"id":2852,"href":"https:\/\/www.zamek-frystat.cz\/index.php\/wp-json\/wp\/v2\/pages\/44\/revisions\/2852"}],"wp:attachment":[{"href":"https:\/\/www.zamek-frystat.cz\/index.php\/wp-json\/wp\/v2\/media?parent=44"}],"curies":[{"name":"wp","href":"https:\/\/api.w.org\/{rel}","templated":true}]}}