{"id":451,"date":"2016-10-14T18:03:36","date_gmt":"2016-10-14T17:03:36","guid":{"rendered":"http:\/\/www.zamek-frystat.cz\/?page_id=451"},"modified":"2016-10-28T17:03:26","modified_gmt":"2016-10-28T16:03:26","slug":"park-bozeny-nemcove-zamecky-park","status":"publish","type":"page","link":"https:\/\/www.zamek-frystat.cz\/index.php\/park-bozeny-nemcove-zamecky-park\/","title":{"rendered":"Park Bo\u017eeny N\u011bmcov\u00e9 \u2013 z\u00e1meck\u00fd park"},"content":{"rendered":"<p>P\u016fvodn\u00ed z\u00e1meck\u00fd park, nyn\u00ed park Bo\u017eeny N\u011bmcov\u00e9, byl zalo\u017een r. 1804 v\u00a0anglick\u00e9m slohu po emp\u00edrov\u00e9 p\u0159estavb\u011b z\u00e1mku Fry\u0161t\u00e1tu. Park se rozprost\u00edr\u00e1 na plo\u0161e 36 ha. Z\u00a0doby jeho zalo\u017een\u00ed se dochovaly n\u011bkter\u00e9 stromov\u00e9 aleje a vz\u00e1cn\u00e9 solit\u00e9ry. Hned vedle b\u00fdval\u00fdch \u201eLarischov\u00fdch kon\u00edren\u201c stoj\u00ed mohutn\u00fd pam\u00e1tn\u00fd strom jasan ztepil\u00fd a kousek d\u00e1l u komunikace vedouc\u00ed k\u00a0tzv.\u201cmodr\u00e9mu pavilonu\u201c letit\u00fd platan javorolist\u00fd, kter\u00fd p\u0159edstavuje v\u00fdraznou krajinnou dominantu. Tyto dva pam\u00e1tn\u00e9 stromy jsou jedn\u011bmi z\u00a0celkem 6 vyhl\u00e1\u0161en\u00fdch na \u00fazem\u00ed Karvin\u00e9. V\u00a0minulosti se v parku nach\u00e1zela obora, kon\u00edrna, ml\u00e9\u010dnice, pr\u00e1delna, l\u00e1ze\u0148 a alt\u00e1nek.<\/p>\n<p><img loading=\"lazy\" decoding=\"async\" class=\"alignnone size-medium wp-image-589\" src=\"https:\/\/www.zamek-frystat.cz\/wp-content\/uploads\/2016\/10\/1282.-podzimn\u00ed-z\u00e1meck\u00fd-park-300x200.jpg\" alt=\"1282-podzimni-zamecky-park\" width=\"300\" height=\"200\" srcset=\"https:\/\/www.zamek-frystat.cz\/wp-content\/uploads\/2016\/10\/1282.-podzimn\u00ed-z\u00e1meck\u00fd-park-300x200.jpg 300w, https:\/\/www.zamek-frystat.cz\/wp-content\/uploads\/2016\/10\/1282.-podzimn\u00ed-z\u00e1meck\u00fd-park-768x512.jpg 768w, https:\/\/www.zamek-frystat.cz\/wp-content\/uploads\/2016\/10\/1282.-podzimn\u00ed-z\u00e1meck\u00fd-park-1024x683.jpg 1024w, https:\/\/www.zamek-frystat.cz\/wp-content\/uploads\/2016\/10\/1282.-podzimn\u00ed-z\u00e1meck\u00fd-park.jpg 1180w\" sizes=\"auto, (max-width: 300px) 100vw, 300px\" \/> <img loading=\"lazy\" decoding=\"async\" class=\"alignnone size-medium wp-image-585\" src=\"https:\/\/www.zamek-frystat.cz\/wp-content\/uploads\/2016\/10\/1003.ZF-z-parku-mezi-stromy-300x200.jpg\" alt=\"1003-zf-z-parku-mezi-stromy\" width=\"300\" height=\"200\" srcset=\"https:\/\/www.zamek-frystat.cz\/wp-content\/uploads\/2016\/10\/1003.ZF-z-parku-mezi-stromy-300x200.jpg 300w, https:\/\/www.zamek-frystat.cz\/wp-content\/uploads\/2016\/10\/1003.ZF-z-parku-mezi-stromy-768x512.jpg 768w, https:\/\/www.zamek-frystat.cz\/wp-content\/uploads\/2016\/10\/1003.ZF-z-parku-mezi-stromy-1024x682.jpg 1024w, https:\/\/www.zamek-frystat.cz\/wp-content\/uploads\/2016\/10\/1003.ZF-z-parku-mezi-stromy.jpg 1748w\" sizes=\"auto, (max-width: 300px) 100vw, 300px\" \/> <img loading=\"lazy\" decoding=\"async\" class=\"alignnone size-medium wp-image-584\" src=\"https:\/\/www.zamek-frystat.cz\/wp-content\/uploads\/2016\/10\/1317.-Park-Bo\u017eeny-N\u011bmcov\u00e9-300x200.jpg\" alt=\"1317-park-bozeny-nemcove\" width=\"300\" height=\"200\" srcset=\"https:\/\/www.zamek-frystat.cz\/wp-content\/uploads\/2016\/10\/1317.-Park-Bo\u017eeny-N\u011bmcov\u00e9-300x200.jpg 300w, https:\/\/www.zamek-frystat.cz\/wp-content\/uploads\/2016\/10\/1317.-Park-Bo\u017eeny-N\u011bmcov\u00e9-768x512.jpg 768w, https:\/\/www.zamek-frystat.cz\/wp-content\/uploads\/2016\/10\/1317.-Park-Bo\u017eeny-N\u011bmcov\u00e9-1024x683.jpg 1024w\" sizes=\"auto, (max-width: 300px) 100vw, 300px\" \/><\/p>\n<p>U zdi farn\u00edho kostela Pov\u00fd\u0161en\u00ed sv. K\u0159\u00ed\u017ee se dosud nach\u00e1z\u00ed rodov\u00e1 hrobka Larisch-M\u00f6nnich\u016f. Tento p\u0159\u00edrodn\u011b krajin\u00e1\u0159sk\u00fd park proch\u00e1z\u00ed ji\u017e n\u011bkolik let rozs\u00e1hlou obnovou, jej\u00ed\u017e sou\u010d\u00e1st\u00ed jsou ter\u00e9nn\u00ed \u00fapravy a modelace, celkov\u00e1 revitalizace zelen\u011b a realizace n\u011bkolika zaj\u00edmav\u00fdch staveb, z\u00a0nich\u017e ji\u017e byly realizov\u00e1ny d\u011btsk\u00fd koutek a Larisch\u016fv alt\u00e1n a provedena rekonstrukce Larischovy hrobky.<\/p>\n<p><img loading=\"lazy\" decoding=\"async\" class=\"alignnone size-medium wp-image-587\" src=\"https:\/\/www.zamek-frystat.cz\/wp-content\/uploads\/2016\/10\/1013.Larisch\u016fv-alt\u00e1n-300x200.jpg\" alt=\"1013-larischuv-altan\" width=\"300\" height=\"200\" srcset=\"https:\/\/www.zamek-frystat.cz\/wp-content\/uploads\/2016\/10\/1013.Larisch\u016fv-alt\u00e1n-300x200.jpg 300w, https:\/\/www.zamek-frystat.cz\/wp-content\/uploads\/2016\/10\/1013.Larisch\u016fv-alt\u00e1n-768x512.jpg 768w, https:\/\/www.zamek-frystat.cz\/wp-content\/uploads\/2016\/10\/1013.Larisch\u016fv-alt\u00e1n-1024x682.jpg 1024w, https:\/\/www.zamek-frystat.cz\/wp-content\/uploads\/2016\/10\/1013.Larisch\u016fv-alt\u00e1n.jpg 1124w\" sizes=\"auto, (max-width: 300px) 100vw, 300px\" \/> <img loading=\"lazy\" decoding=\"async\" class=\"alignnone size-medium wp-image-571\" src=\"https:\/\/www.zamek-frystat.cz\/wp-content\/uploads\/2016\/08\/1158.kostel-z-parku-300x200.jpg\" alt=\"1158-kostel-z-parku\" width=\"300\" height=\"200\" srcset=\"https:\/\/www.zamek-frystat.cz\/wp-content\/uploads\/2016\/08\/1158.kostel-z-parku-300x200.jpg 300w, https:\/\/www.zamek-frystat.cz\/wp-content\/uploads\/2016\/08\/1158.kostel-z-parku-768x512.jpg 768w, https:\/\/www.zamek-frystat.cz\/wp-content\/uploads\/2016\/08\/1158.kostel-z-parku-1024x682.jpg 1024w, https:\/\/www.zamek-frystat.cz\/wp-content\/uploads\/2016\/08\/1158.kostel-z-parku.jpg 1124w\" sizes=\"auto, (max-width: 300px) 100vw, 300px\" \/> <img loading=\"lazy\" decoding=\"async\" class=\"alignnone size-medium wp-image-564\" src=\"https:\/\/www.zamek-frystat.cz\/wp-content\/uploads\/2016\/08\/0998.strom-veverkaleze-nahoru-300x200.jpg\" alt=\"0998-strom-veverkaleze-nahoru\" width=\"300\" height=\"200\" srcset=\"https:\/\/www.zamek-frystat.cz\/wp-content\/uploads\/2016\/08\/0998.strom-veverkaleze-nahoru-300x200.jpg 300w, https:\/\/www.zamek-frystat.cz\/wp-content\/uploads\/2016\/08\/0998.strom-veverkaleze-nahoru-768x512.jpg 768w, https:\/\/www.zamek-frystat.cz\/wp-content\/uploads\/2016\/08\/0998.strom-veverkaleze-nahoru-1024x682.jpg 1024w, https:\/\/www.zamek-frystat.cz\/wp-content\/uploads\/2016\/08\/0998.strom-veverkaleze-nahoru.jpg 1748w\" sizes=\"auto, (max-width: 300px) 100vw, 300px\" \/><\/p>\n<p>Z\u00a0are\u00e1lu b\u00fdval\u00e9ho soleck\u00e9ho z\u00e1mku v Karvin\u00e9-Dolech bylo torzo jin\u00e9 Larischovy hrobky p\u0159evezeno a pou\u017eito na v\u00fdstavbu zm\u00edn\u011bn\u00e9ho Larischova alt\u00e1nu. Stejn\u011b tak baz\u00e9n se souso\u0161\u00edm putt\u016f s\u00a0delf\u00ednem, kter\u00fd se nach\u00e1zel v\u00a0b\u00fdval\u00e9m parku soleck\u00e9ho z\u00e1mku, byl p\u0159em\u00edst\u011bn do interi\u00e9ru z\u00e1mku Fry\u0161t\u00e1t a jeho kopie se nach\u00e1z\u00ed v parku Bo\u017eeny N\u011bmcov\u00e9 pobl\u00ed\u017e sauny. Objekt b\u00fdval\u00fdch \u201eLarischov\u00fdch kon\u00edren\u201c, rovn\u011b\u017e prob\u00edh\u00e1 rekonstrukce navazuj\u00edc\u00edho rekrea\u010dn\u00edho are\u00e1lu u jezera Lod\u011bnice. P\u0159ibli\u017en\u011b polovinou parku prot\u00e9k\u00e1 malebn\u00fd potok Ml\u00fdnka, kter\u00fd dotv\u00e1\u0159\u00ed p\u0159\u00edjemnou atmosf\u00e9ru tohoto kouzeln\u00e9ho z\u00e1kout\u00ed jinak velmi temperamentn\u00edho m\u011bsta. Park, stejn\u011b jako historick\u00e9 j\u00e1dro m\u011bsta a L\u00e1ze\u0148sk\u00fd park, je sou\u010d\u00e1st\u00ed m\u011bstsk\u00e9 pam\u00e1tkov\u00e9 z\u00f3ny.<\/p>\n<p>&nbsp;<\/p>\n","protected":false},"excerpt":{"rendered":"<p>P\u016fvodn\u00ed z\u00e1meck\u00fd park, nyn\u00ed park Bo\u017eeny N\u011bmcov\u00e9, byl zalo\u017een r. 1804 v\u00a0anglick\u00e9m slohu po emp\u00edrov\u00e9 p\u0159estavb\u011b z\u00e1mku Fry\u0161t\u00e1tu. Park se rozprost\u00edr\u00e1 na plo\u0161e 36 ha. Z\u00a0doby jeho zalo\u017een\u00ed se dochovaly n\u011bkter\u00e9 stromov\u00e9 aleje a vz\u00e1cn\u00e9 solit\u00e9ry. Hned vedle b\u00fdval\u00fdch \u201eLarischov\u00fdch kon\u00edren\u201c stoj\u00ed mohutn\u00fd pam\u00e1tn\u00fd strom jasan ztepil\u00fd a kousek d\u00e1l [&hellip;]<\/p>\n","protected":false},"author":1,"featured_media":0,"parent":0,"menu_order":0,"comment_status":"closed","ping_status":"closed","template":"","meta":{"footnotes":""},"class_list":["post-451","page","type-page","status-publish","hentry"],"_links":{"self":[{"href":"https:\/\/www.zamek-frystat.cz\/index.php\/wp-json\/wp\/v2\/pages\/451","targetHints":{"allow":["GET"]}}],"collection":[{"href":"https:\/\/www.zamek-frystat.cz\/index.php\/wp-json\/wp\/v2\/pages"}],"about":[{"href":"https:\/\/www.zamek-frystat.cz\/index.php\/wp-json\/wp\/v2\/types\/page"}],"author":[{"embeddable":true,"href":"https:\/\/www.zamek-frystat.cz\/index.php\/wp-json\/wp\/v2\/users\/1"}],"replies":[{"embeddable":true,"href":"https:\/\/www.zamek-frystat.cz\/index.php\/wp-json\/wp\/v2\/comments?post=451"}],"version-history":[{"count":4,"href":"https:\/\/www.zamek-frystat.cz\/index.php\/wp-json\/wp\/v2\/pages\/451\/revisions"}],"predecessor-version":[{"id":590,"href":"https:\/\/www.zamek-frystat.cz\/index.php\/wp-json\/wp\/v2\/pages\/451\/revisions\/590"}],"wp:attachment":[{"href":"https:\/\/www.zamek-frystat.cz\/index.php\/wp-json\/wp\/v2\/media?parent=451"}],"curies":[{"name":"wp","href":"https:\/\/api.w.org\/{rel}","templated":true}]}}

Park Boženy Němcové – zámecký park

<p>Původní zámecký park, nyní park Boženy Němcové, byl založen r. 1804 v anglickém slohu po empírové přestavbě zámku Fryštátu. Park se rozprostírá na ploše 36 ha. Z doby jeho založení se dochovaly některé stromové aleje a vzácné solitéry. Hned vedle bývalých „Larischových koníren“ stojí mohutný památný strom jasan ztepilý a kousek dál u komunikace vedoucí k tzv.“modrému pavilonu“ letitý platan javorolistý, který představuje výraznou krajinnou dominantu. Tyto dva památné stromy jsou jedněmi z celkem 6 vyhlášených na území Karviné. V minulosti se v parku nacházela obora, konírna, mléčnice, prádelna, lázeň a altánek.</p>
<p><img loading="lazy" decoding="async" class="alignnone size-medium wp-image-589" src="https://www.zamek-frystat.cz/wp-content/uploads/2016/10/1282.-podzimní-zámecký-park-300x200.jpg" alt="1282-podzimni-zamecky-park" width="300" height="200" srcset="https://www.zamek-frystat.cz/wp-content/uploads/2016/10/1282.-podzimní-zámecký-park-300x200.jpg 300w, https://www.zamek-frystat.cz/wp-content/uploads/2016/10/1282.-podzimní-zámecký-park-768x512.jpg 768w, https://www.zamek-frystat.cz/wp-content/uploads/2016/10/1282.-podzimní-zámecký-park-1024x683.jpg 1024w, https://www.zamek-frystat.cz/wp-content/uploads/2016/10/1282.-podzimní-zámecký-park.jpg 1180w" sizes="auto, (max-width: 300px) 100vw, 300px" /> <img loading="lazy" decoding="async" class="alignnone size-medium wp-image-585" src="https://www.zamek-frystat.cz/wp-content/uploads/2016/10/1003.ZF-z-parku-mezi-stromy-300x200.jpg" alt="1003-zf-z-parku-mezi-stromy" width="300" height="200" srcset="https://www.zamek-frystat.cz/wp-content/uploads/2016/10/1003.ZF-z-parku-mezi-stromy-300x200.jpg 300w, https://www.zamek-frystat.cz/wp-content/uploads/2016/10/1003.ZF-z-parku-mezi-stromy-768x512.jpg 768w, https://www.zamek-frystat.cz/wp-content/uploads/2016/10/1003.ZF-z-parku-mezi-stromy-1024x682.jpg 1024w, https://www.zamek-frystat.cz/wp-content/uploads/2016/10/1003.ZF-z-parku-mezi-stromy.jpg 1748w" sizes="auto, (max-width: 300px) 100vw, 300px" /> <img loading="lazy" decoding="async" class="alignnone size-medium wp-image-584" src="https://www.zamek-frystat.cz/wp-content/uploads/2016/10/1317.-Park-Boženy-Němcové-300x200.jpg" alt="1317-park-bozeny-nemcove" width="300" height="200" srcset="https://www.zamek-frystat.cz/wp-content/uploads/2016/10/1317.-Park-Boženy-Němcové-300x200.jpg 300w, https://www.zamek-frystat.cz/wp-content/uploads/2016/10/1317.-Park-Boženy-Němcové-768x512.jpg 768w, https://www.zamek-frystat.cz/wp-content/uploads/2016/10/1317.-Park-Boženy-Němcové-1024x683.jpg 1024w" sizes="auto, (max-width: 300px) 100vw, 300px" /></p>
<p>U zdi farního kostela Povýšení sv. Kříže se dosud nachází rodová hrobka Larisch-Mönnichů. Tento přírodně krajinářský park prochází již několik let rozsáhlou obnovou, jejíž součástí jsou terénní úpravy a modelace, celková revitalizace zeleně a realizace několika zajímavých staveb, z nichž již byly realizovány dětský koutek a Larischův altán a provedena rekonstrukce Larischovy hrobky.</p>
<p><img loading="lazy" decoding="async" class="alignnone size-medium wp-image-587" src="https://www.zamek-frystat.cz/wp-content/uploads/2016/10/1013.Larischův-altán-300x200.jpg" alt="1013-larischuv-altan" width="300" height="200" srcset="https://www.zamek-frystat.cz/wp-content/uploads/2016/10/1013.Larischův-altán-300x200.jpg 300w, https://www.zamek-frystat.cz/wp-content/uploads/2016/10/1013.Larischův-altán-768x512.jpg 768w, https://www.zamek-frystat.cz/wp-content/uploads/2016/10/1013.Larischův-altán-1024x682.jpg 1024w, https://www.zamek-frystat.cz/wp-content/uploads/2016/10/1013.Larischův-altán.jpg 1124w" sizes="auto, (max-width: 300px) 100vw, 300px" /> <img loading="lazy" decoding="async" class="alignnone size-medium wp-image-571" src="https://www.zamek-frystat.cz/wp-content/uploads/2016/08/1158.kostel-z-parku-300x200.jpg" alt="1158-kostel-z-parku" width="300" height="200" srcset="https://www.zamek-frystat.cz/wp-content/uploads/2016/08/1158.kostel-z-parku-300x200.jpg 300w, https://www.zamek-frystat.cz/wp-content/uploads/2016/08/1158.kostel-z-parku-768x512.jpg 768w, https://www.zamek-frystat.cz/wp-content/uploads/2016/08/1158.kostel-z-parku-1024x682.jpg 1024w, https://www.zamek-frystat.cz/wp-content/uploads/2016/08/1158.kostel-z-parku.jpg 1124w" sizes="auto, (max-width: 300px) 100vw, 300px" /> <img loading="lazy" decoding="async" class="alignnone size-medium wp-image-564" src="https://www.zamek-frystat.cz/wp-content/uploads/2016/08/0998.strom-veverkaleze-nahoru-300x200.jpg" alt="0998-strom-veverkaleze-nahoru" width="300" height="200" srcset="https://www.zamek-frystat.cz/wp-content/uploads/2016/08/0998.strom-veverkaleze-nahoru-300x200.jpg 300w, https://www.zamek-frystat.cz/wp-content/uploads/2016/08/0998.strom-veverkaleze-nahoru-768x512.jpg 768w, https://www.zamek-frystat.cz/wp-content/uploads/2016/08/0998.strom-veverkaleze-nahoru-1024x682.jpg 1024w, https://www.zamek-frystat.cz/wp-content/uploads/2016/08/0998.strom-veverkaleze-nahoru.jpg 1748w" sizes="auto, (max-width: 300px) 100vw, 300px" /></p>
<p>Z areálu bývalého soleckého zámku v Karviné-Dolech bylo torzo jiné Larischovy hrobky převezeno a použito na výstavbu zmíněného Larischova altánu. Stejně tak bazén se sousoším puttů s delfínem, který se nacházel v bývalém parku soleckého zámku, byl přemístěn do interiéru zámku Fryštát a jeho kopie se nachází v parku Boženy Němcové poblíž sauny. Objekt bývalých „Larischových koníren“, rovněž probíhá rekonstrukce navazujícího rekreačního areálu u jezera Loděnice. Přibližně polovinou parku protéká malebný potok Mlýnka, který dotváří příjemnou atmosféru tohoto kouzelného zákoutí jinak velmi temperamentního města. Park, stejně jako historické jádro města a Lázeňský park, je součástí městské památkové zóny.</p>
<p>&nbsp;</p>

<p>Původní zámecký park, nyní park Boženy Němcové, byl založen r. 1804 v anglickém slohu po empírové přestavbě zámku Fryštátu. Park se rozprostírá na ploše 36 ha. Z doby jeho založení se dochovaly některé stromové aleje a vzácné solitéry. Hned vedle bývalých „Larischových koníren“ stojí mohutný památný strom jasan ztepilý a kousek dál [&hellip;]</p>
