{"id":453,"date":"2016-10-14T18:03:55","date_gmt":"2016-10-14T17:03:55","guid":{"rendered":"http:\/\/www.zamek-frystat.cz\/?page_id=453"},"modified":"2016-10-28T17:32:38","modified_gmt":"2016-10-28T16:32:38","slug":"lodenice","status":"publish","type":"page","link":"https:\/\/www.zamek-frystat.cz\/index.php\/lodenice\/","title":{"rendered":"Lod\u011bnice"},"content":{"rendered":"<p>Are\u00e1l Lod\u011bnice se nach\u00e1z\u00ed p\u0159i slep\u00e9m rameni \u0159eky Ol\u0161e v ji\u017en\u00ed \u010d\u00e1sti z\u00e1meck\u00e9ho parku. Sv\u00fdm\u00a0pojet\u00edm a um\u00edst\u011bn\u00edm vytv\u00e1\u0159\u00ed p\u0159irozen\u00fd rekrea\u010dn\u00ed prostor pro obyvatele m\u011bsta i jeho n\u00e1v\u0161t\u011bvn\u00edky. V roce 2011 byla dokon\u010dena\u00a0rozs\u00e1hl\u00e1 rekonstrukce are\u00e1lu, ve kter\u00e9m se nyn\u00ed nach\u00e1z\u00ed\u00a0hlavn\u00ed budova Lod\u011bnice s ob\u010derstven\u00edm a skladem pro lodi\u010dky. Pod zast\u0159e\u0161enou terasou je k dispozici velk\u00fd krb a m\u00edsta k posezen\u00ed. N\u00e1v\u0161t\u011bvn\u00edci p\u0159iv\u00edtaj\u00ed rovn\u011b\u017e dal\u0161\u00ed mo\u017enosti tr\u00e1ven\u00ed voln\u00e9ho \u010dasu a\u0165 u\u017e aktivn\u011b nebo relaxa\u010dn\u011b vyu\u017eit\u00edm zdej\u0161\u00edch\u00a0h\u0159i\u0161\u0165 pro r\u016fzn\u00e9 m\u00ed\u010dov\u00e9 hry a jin\u00e9 sporty a spousty odpo\u010divn\u00fdch ploch v\u010detn\u011b proj\u00ed\u017ed\u011bk na lodi\u010dk\u00e1ch. \u00a0Stejn\u011b jako na ostatn\u00edch \u00fasec\u00edch \u0159eky Ol\u0161e, tak i zde je mo\u017eno si zaryba\u0159it. Jezero pat\u0159\u00ed k povod\u00ed Ol\u0161e jako ryb\u00e1\u0159sk\u00fd rev\u00edr povod\u00ed Ol\u0161e 3A. Lov je zde povolen celoro\u010dn\u011b.<\/p>\n<p><img loading=\"lazy\" decoding=\"async\" class=\"alignnone size-medium wp-image-599\" src=\"https:\/\/www.zamek-frystat.cz\/wp-content\/uploads\/2016\/10\/1323.-Park-Bo\u017eeny-N\u011bmcov\u00e9-lodi\u010dky-300x200.jpg\" alt=\"1323-park-bozeny-nemcove-lodicky\" width=\"300\" height=\"200\" srcset=\"https:\/\/www.zamek-frystat.cz\/wp-content\/uploads\/2016\/10\/1323.-Park-Bo\u017eeny-N\u011bmcov\u00e9-lodi\u010dky-300x200.jpg 300w, https:\/\/www.zamek-frystat.cz\/wp-content\/uploads\/2016\/10\/1323.-Park-Bo\u017eeny-N\u011bmcov\u00e9-lodi\u010dky-768x512.jpg 768w, https:\/\/www.zamek-frystat.cz\/wp-content\/uploads\/2016\/10\/1323.-Park-Bo\u017eeny-N\u011bmcov\u00e9-lodi\u010dky-1024x683.jpg 1024w, https:\/\/www.zamek-frystat.cz\/wp-content\/uploads\/2016\/10\/1323.-Park-Bo\u017eeny-N\u011bmcov\u00e9-lodi\u010dky.jpg 1685w\" sizes=\"auto, (max-width: 300px) 100vw, 300px\" \/> <img loading=\"lazy\" decoding=\"async\" class=\"alignnone size-medium wp-image-600\" src=\"https:\/\/www.zamek-frystat.cz\/wp-content\/uploads\/2016\/10\/1324.-Park-Bo\u017eeny-N\u011bmcov\u00e9-lodi\u010dky-300x200.jpg\" alt=\"1324-park-bozeny-nemcove-lodicky\" width=\"300\" height=\"200\" srcset=\"https:\/\/www.zamek-frystat.cz\/wp-content\/uploads\/2016\/10\/1324.-Park-Bo\u017eeny-N\u011bmcov\u00e9-lodi\u010dky-300x200.jpg 300w, https:\/\/www.zamek-frystat.cz\/wp-content\/uploads\/2016\/10\/1324.-Park-Bo\u017eeny-N\u011bmcov\u00e9-lodi\u010dky-768x512.jpg 768w, https:\/\/www.zamek-frystat.cz\/wp-content\/uploads\/2016\/10\/1324.-Park-Bo\u017eeny-N\u011bmcov\u00e9-lodi\u010dky-1024x683.jpg 1024w, https:\/\/www.zamek-frystat.cz\/wp-content\/uploads\/2016\/10\/1324.-Park-Bo\u017eeny-N\u011bmcov\u00e9-lodi\u010dky.jpg 1685w\" sizes=\"auto, (max-width: 300px) 100vw, 300px\" \/> <img loading=\"lazy\" decoding=\"async\" class=\"alignnone size-medium wp-image-601\" src=\"https:\/\/www.zamek-frystat.cz\/wp-content\/uploads\/2016\/10\/1326.-Park-Bo\u017eeny-N\u011bmcov\u00e9-lodi\u010dky-300x200.jpg\" alt=\"1326-park-bozeny-nemcove-lodicky\" width=\"300\" height=\"200\" srcset=\"https:\/\/www.zamek-frystat.cz\/wp-content\/uploads\/2016\/10\/1326.-Park-Bo\u017eeny-N\u011bmcov\u00e9-lodi\u010dky-300x200.jpg 300w, https:\/\/www.zamek-frystat.cz\/wp-content\/uploads\/2016\/10\/1326.-Park-Bo\u017eeny-N\u011bmcov\u00e9-lodi\u010dky-768x512.jpg 768w, https:\/\/www.zamek-frystat.cz\/wp-content\/uploads\/2016\/10\/1326.-Park-Bo\u017eeny-N\u011bmcov\u00e9-lodi\u010dky-1024x683.jpg 1024w, https:\/\/www.zamek-frystat.cz\/wp-content\/uploads\/2016\/10\/1326.-Park-Bo\u017eeny-N\u011bmcov\u00e9-lodi\u010dky.jpg 1685w\" sizes=\"auto, (max-width: 300px) 100vw, 300px\" \/><\/p>\n","protected":false},"excerpt":{"rendered":"<p>Are\u00e1l Lod\u011bnice se nach\u00e1z\u00ed p\u0159i slep\u00e9m rameni \u0159eky Ol\u0161e v ji\u017en\u00ed \u010d\u00e1sti z\u00e1meck\u00e9ho parku. Sv\u00fdm\u00a0pojet\u00edm a um\u00edst\u011bn\u00edm vytv\u00e1\u0159\u00ed p\u0159irozen\u00fd rekrea\u010dn\u00ed prostor pro obyvatele m\u011bsta i jeho n\u00e1v\u0161t\u011bvn\u00edky. V roce 2011 byla dokon\u010dena\u00a0rozs\u00e1hl\u00e1 rekonstrukce are\u00e1lu, ve kter\u00e9m se nyn\u00ed nach\u00e1z\u00ed\u00a0hlavn\u00ed budova Lod\u011bnice s ob\u010derstven\u00edm a skladem pro lodi\u010dky. Pod zast\u0159e\u0161enou terasou [&hellip;]<\/p>\n","protected":false},"author":1,"featured_media":0,"parent":0,"menu_order":0,"comment_status":"closed","ping_status":"closed","template":"","meta":{"footnotes":""},"class_list":["post-453","page","type-page","status-publish","hentry"],"_links":{"self":[{"href":"https:\/\/www.zamek-frystat.cz\/index.php\/wp-json\/wp\/v2\/pages\/453","targetHints":{"allow":["GET"]}}],"collection":[{"href":"https:\/\/www.zamek-frystat.cz\/index.php\/wp-json\/wp\/v2\/pages"}],"about":[{"href":"https:\/\/www.zamek-frystat.cz\/index.php\/wp-json\/wp\/v2\/types\/page"}],"author":[{"embeddable":true,"href":"https:\/\/www.zamek-frystat.cz\/index.php\/wp-json\/wp\/v2\/users\/1"}],"replies":[{"embeddable":true,"href":"https:\/\/www.zamek-frystat.cz\/index.php\/wp-json\/wp\/v2\/comments?post=453"}],"version-history":[{"count":3,"href":"https:\/\/www.zamek-frystat.cz\/index.php\/wp-json\/wp\/v2\/pages\/453\/revisions"}],"predecessor-version":[{"id":602,"href":"https:\/\/www.zamek-frystat.cz\/index.php\/wp-json\/wp\/v2\/pages\/453\/revisions\/602"}],"wp:attachment":[{"href":"https:\/\/www.zamek-frystat.cz\/index.php\/wp-json\/wp\/v2\/media?parent=453"}],"curies":[{"name":"wp","href":"https:\/\/api.w.org\/{rel}","templated":true}]}}

Loděnice

<p>Areál Loděnice se nachází při slepém rameni řeky Olše v jižní části zámeckého parku. Svým pojetím a umístěním vytváří přirozený rekreační prostor pro obyvatele města i jeho návštěvníky. V roce 2011 byla dokončena rozsáhlá rekonstrukce areálu, ve kterém se nyní nachází hlavní budova Loděnice s občerstvením a skladem pro lodičky. Pod zastřešenou terasou je k dispozici velký krb a místa k posezení. Návštěvníci přivítají rovněž další možnosti trávení volného času ať už aktivně nebo relaxačně využitím zdejších hřišť pro různé míčové hry a jiné sporty a spousty odpočivných ploch včetně projížděk na lodičkách.  Stejně jako na ostatních úsecích řeky Olše, tak i zde je možno si zarybařit. Jezero patří k povodí Olše jako rybářský revír povodí Olše 3A. Lov je zde povolen celoročně.</p>
<p><img loading="lazy" decoding="async" class="alignnone size-medium wp-image-599" src="https://www.zamek-frystat.cz/wp-content/uploads/2016/10/1323.-Park-Boženy-Němcové-lodičky-300x200.jpg" alt="1323-park-bozeny-nemcove-lodicky" width="300" height="200" srcset="https://www.zamek-frystat.cz/wp-content/uploads/2016/10/1323.-Park-Boženy-Němcové-lodičky-300x200.jpg 300w, https://www.zamek-frystat.cz/wp-content/uploads/2016/10/1323.-Park-Boženy-Němcové-lodičky-768x512.jpg 768w, https://www.zamek-frystat.cz/wp-content/uploads/2016/10/1323.-Park-Boženy-Němcové-lodičky-1024x683.jpg 1024w, https://www.zamek-frystat.cz/wp-content/uploads/2016/10/1323.-Park-Boženy-Němcové-lodičky.jpg 1685w" sizes="auto, (max-width: 300px) 100vw, 300px" /> <img loading="lazy" decoding="async" class="alignnone size-medium wp-image-600" src="https://www.zamek-frystat.cz/wp-content/uploads/2016/10/1324.-Park-Boženy-Němcové-lodičky-300x200.jpg" alt="1324-park-bozeny-nemcove-lodicky" width="300" height="200" srcset="https://www.zamek-frystat.cz/wp-content/uploads/2016/10/1324.-Park-Boženy-Němcové-lodičky-300x200.jpg 300w, https://www.zamek-frystat.cz/wp-content/uploads/2016/10/1324.-Park-Boženy-Němcové-lodičky-768x512.jpg 768w, https://www.zamek-frystat.cz/wp-content/uploads/2016/10/1324.-Park-Boženy-Němcové-lodičky-1024x683.jpg 1024w, https://www.zamek-frystat.cz/wp-content/uploads/2016/10/1324.-Park-Boženy-Němcové-lodičky.jpg 1685w" sizes="auto, (max-width: 300px) 100vw, 300px" /> <img loading="lazy" decoding="async" class="alignnone size-medium wp-image-601" src="https://www.zamek-frystat.cz/wp-content/uploads/2016/10/1326.-Park-Boženy-Němcové-lodičky-300x200.jpg" alt="1326-park-bozeny-nemcove-lodicky" width="300" height="200" srcset="https://www.zamek-frystat.cz/wp-content/uploads/2016/10/1326.-Park-Boženy-Němcové-lodičky-300x200.jpg 300w, https://www.zamek-frystat.cz/wp-content/uploads/2016/10/1326.-Park-Boženy-Němcové-lodičky-768x512.jpg 768w, https://www.zamek-frystat.cz/wp-content/uploads/2016/10/1326.-Park-Boženy-Němcové-lodičky-1024x683.jpg 1024w, https://www.zamek-frystat.cz/wp-content/uploads/2016/10/1326.-Park-Boženy-Němcové-lodičky.jpg 1685w" sizes="auto, (max-width: 300px) 100vw, 300px" /></p>

<p>Areál Loděnice se nachází při slepém rameni řeky Olše v jižní části zámeckého parku. Svým pojetím a umístěním vytváří přirozený rekreační prostor pro obyvatele města i jeho návštěvníky. V roce 2011 byla dokončena rozsáhlá rekonstrukce areálu, ve kterém se nyní nachází hlavní budova Loděnice s občerstvením a skladem pro lodičky. Pod zastřešenou terasou [&hellip;]</p>
