{"id":91,"date":"2016-08-03T13:19:22","date_gmt":"2016-08-03T12:19:22","guid":{"rendered":"http:\/\/zamek-frystat.karvina.org\/?page_id=91"},"modified":"2026-02-06T08:19:05","modified_gmt":"2026-02-06T06:19:05","slug":"vstupne","status":"publish","type":"page","link":"https:\/\/www.zamek-frystat.cz\/index.php\/stale-prohlidky\/vstupne\/","title":{"rendered":"Vstupn\u00e9"},"content":{"rendered":"<p>&nbsp;<\/p>\n<table width=\"518\" cellspacing=\"0\" cellpadding=\"0\">\n<tbody>\n<tr>\n<td width=\"387\"><span style=\"color: #000000;\"><strong><span class=\"style1\"><span style=\"font-family: Verdana;\">I<\/span><\/span>. trasa &#8211; hlavn\u00ed budova z\u00e1mku<\/strong><\/span><\/td>\n<td width=\"183\"><span style=\"color: #000000;\">\u00a0\u010d\u00e1stka na osobu mimo speci\u00e1ln\u00ed akce a <\/span><span style=\"color: #000000;\">rodinn\u00e9 vstupn\u00e9<\/span><\/td>\n<\/tr>\n<tr>\n<td><span style=\"color: #000000;\">z\u00e1kladn\u00ed vstupn\u00e9 (dosp\u011bl\u00ed)<\/span><\/td>\n<td style=\"text-align: right;\"><span style=\"color: #000000;\">100,- K\u010d<\/span><\/td>\n<\/tr>\n<tr>\n<td><span style=\"color: #000000;\">sn\u00ed\u017een\u00e9 vstupn\u00e9 (senio\u0159i od 65 let)<\/span><\/td>\n<td style=\"text-align: right;\"><span style=\"color: #000000;\">70,- K\u010d<\/span><\/td>\n<\/tr>\n<tr>\n<td><span style=\"color: #000000;\">sn\u00ed\u017een\u00e9 vstupn\u00e9 (d\u011bti 6 a\u017e 15 let, studenti do 26 let, dr\u017eitel\u00e9 pr\u016fkazu ZTP, ZTP\/P)<\/span><\/td>\n<td style=\"text-align: right;\"><span style=\"color: #000000;\">50,- K\u010d<\/span><\/td>\n<\/tr>\n<tr>\n<td><span style=\"color: #000000;\">rodinn\u00e9 vstupn\u00e9 (2 dosp\u011bl\u00ed + 1 a\u017e 3 d\u011bti do 15 let)<\/span><\/td>\n<td style=\"text-align: right;\"><span style=\"color: #000000;\">200,- K\u010d<\/span><\/td>\n<\/tr>\n<tr>\n<td><span style=\"color: #000000;\">d\u011bti do 6 let<br \/>\n<\/span><\/td>\n<td style=\"text-align: right;\"><span style=\"color: #000000;\">zdarma<br \/>\n<\/span><\/td>\n<\/tr>\n<tr>\n<td><span style=\"color: #000000;\">p\u0159\u00edplatek za cizojazy\u010dn\u00fd v\u00fdklad s pr\u016fvodcem (AJ)<\/span><\/td>\n<td style=\"text-align: right;\"><span style=\"color: #000000;\">+ 100 % ceny vstupn\u00e9ho<\/span><\/td>\n<\/tr>\n<tr>\n<td><span style=\"color: #000000;\">zap\u016fj\u010den\u00ed cizojazy\u010dn\u00e9ho pr\u016fvodcovsk\u00e9ho textu (AJ, PJ, NJ, RJ) nebo za poslech audiopr\u016fvodce (AJ, PJ, RJ, NJ)\u00a0<\/span><\/td>\n<td style=\"text-align: right;\"><span style=\"color: #000000;\">20 K\u010d\/ks\/osoba<\/span><\/td>\n<\/tr>\n<\/tbody>\n<\/table>\n<table width=\"518\" cellspacing=\"0\" cellpadding=\"0\" border=\"0\">\n<tbody>\n<tr>\n<td width=\"387\"><span style=\"color: #000000;\"><strong><span class=\"style1\"><span style=\"font-family: Verdana;\">II<\/span><\/span>.\u00a0trasa &#8211; vedlej\u0161\u00ed budova Lottyhaus<\/strong><\/span><\/td>\n<td width=\"183\"><span style=\"color: #000000;\"> \u010d\u00e1stka na osobu mimo rodinn\u00e9ho vstupn\u00e9ho<\/span><\/td>\n<\/tr>\n<tr>\n<td><span style=\"color: #000000;\">z\u00e1kladn\u00ed vstupn\u00e9 (dosp\u011bl\u00ed)<\/span><\/td>\n<td style=\"text-align: right;\"><span style=\"color: #000000;\">100,- K\u010d<\/span><\/td>\n<\/tr>\n<tr>\n<td><span style=\"color: #000000;\">sn\u00ed\u017een\u00e9 vstupn\u00e9 (senio\u0159i od 65 let)<\/span><\/td>\n<td style=\"text-align: right;\"><span style=\"color: #000000;\">70,- K\u010d<\/span><\/td>\n<\/tr>\n<tr>\n<td><span style=\"color: #000000;\">sn\u00ed\u017een\u00e9 vstupn\u00e9 (d\u011bti 6 a\u017e 15 let, studenti do 26 let, dr\u017eitel\u00e9 pr\u016fkazu ZTP, ZTP\/P)<\/span><\/td>\n<td style=\"text-align: right;\"><span style=\"color: #000000;\">50,- K\u010d<\/span><\/td>\n<\/tr>\n<tr>\n<td><span style=\"color: #000000;\">rodinn\u00e9 vstupn\u00e9 (2 dosp\u011bl\u00ed + 1 a\u017e 3 d\u011bti do 15 let)<\/span><\/td>\n<td style=\"text-align: right;\"><span style=\"color: #000000;\">200,- K\u010d<\/span><\/td>\n<\/tr>\n<tr>\n<td><span style=\"color: #000000;\">d\u011bti do 6 let<br \/>\n<\/span><\/td>\n<td style=\"text-align: right;\"><span style=\"color: #000000;\">\u00a0zdarma<\/span><\/td>\n<\/tr>\n<tr>\n<td><span style=\"color: #000000;\">zap\u016fj\u010den\u00ed cizojazy\u010dn\u00e9ho pr\u016fvodcovsk\u00e9ho textu (AJ, PJ, NJ, RJ)<\/span><\/td>\n<td style=\"text-align: right;\"><span style=\"color: #000000;\">20 K\u010d<\/span><\/td>\n<\/tr>\n<\/tbody>\n<\/table>\n<table width=\"518\" cellspacing=\"0\" cellpadding=\"0\" border=\"0\">\n<tbody>\n<tr>\n<td width=\"387\"><span style=\"color: #000000;\"><strong><span style=\"color: #000000;\"><span class=\"style1\"><span style=\"font-family: Verdana;\">III<\/span><\/span>. trasa &#8211; N\u00c1RODN\u00cd GALERIE PRAHA<\/span>\u00a0<span style=\"color: #ff0000;\"> <\/span><br \/>\n<\/strong><\/span><\/td>\n<td width=\"183\"><span style=\"color: #000000;\">\u010d\u00e1stka na osobu mimo rodinn\u00e9ho vstupn\u00e9ho<\/span><\/td>\n<\/tr>\n<tr>\n<td><span style=\"color: #000000;\">z\u00e1kladn\u00ed vstupn\u00e9 (dosp\u011bl\u00ed)<\/span><\/td>\n<td style=\"text-align: right;\"><span style=\"color: #000000;\">40,- K\u010d<\/span><\/td>\n<\/tr>\n<tr>\n<td><span style=\"color: #000000;\">sn\u00ed\u017een\u00e9 vstupn\u00e9 (senio\u0159i od 65 let)<\/span><\/td>\n<td style=\"text-align: right;\"><span style=\"color: #000000;\">25,- K\u010d<\/span><\/td>\n<\/tr>\n<tr>\n<td><span style=\"color: #000000;\">sn\u00ed\u017een\u00e9 vstupn\u00e9 (d\u011bti 6 a\u017e 15 let, studenti do 26 let, dr\u017eitel\u00e9 pr\u016fkazu ZTP, ZTP\/P)<\/span><\/td>\n<td style=\"text-align: right;\"><span style=\"color: #000000;\">20,- K\u010d<\/span><\/td>\n<\/tr>\n<tr>\n<td><span style=\"color: #000000;\">rodinn\u00e9 vstupn\u00e9 (2 dosp\u011bl\u00ed + 1 a\u017e 3 d\u011bti do 15 let)<\/span><\/td>\n<td style=\"text-align: right;\"><span style=\"color: #000000;\">80,- K\u010d<\/span><\/td>\n<\/tr>\n<tr>\n<td><span style=\"color: #000000;\">d\u011bti do 6 let<\/span><\/td>\n<td style=\"text-align: right;\"><span style=\"color: #000000;\">\u00a0zdarma<\/span><\/td>\n<\/tr>\n<\/tbody>\n<\/table>\n<table width=\"518\" cellspacing=\"0\" cellpadding=\"0\" border=\"0\">\n<tbody>\n<tr>\n<td width=\"387\"><span style=\"color: #000000;\"><strong>V\u0161echny st\u00e1l\u00e9 z\u00e1meck\u00e9 trasy (I.-III.)<br \/>\n<\/strong><\/span><\/td>\n<td width=\"183\"><span style=\"color: #000000;\"> \u010d\u00e1stka na osobu mimo rodinn\u00e9ho vstupn\u00e9ho<\/span><\/td>\n<\/tr>\n<tr>\n<td><span style=\"color: #000000;\">z\u00e1kladn\u00ed vstupn\u00e9 (dosp\u011bl\u00ed)<\/span><\/td>\n<td style=\"text-align: right;\"><span style=\"color: #000000;\">200,- K\u010d<\/span><\/td>\n<\/tr>\n<tr>\n<td><span style=\"color: #000000;\">sn\u00ed\u017een\u00e9 vstupn\u00e9 (senio\u0159i od 65 let)<\/span><\/td>\n<td style=\"text-align: right;\"><span style=\"color: #000000;\">140,- K\u010d<\/span><\/td>\n<\/tr>\n<tr>\n<td><span style=\"color: #000000;\">sn\u00ed\u017een\u00e9 vstupn\u00e9 (d\u011bti 6 a\u017e 15 let, studenti do 26 let, dr\u017eitel\u00e9 pr\u016fkazu ZTP, ZTP\/P)<\/span><\/td>\n<td style=\"text-align: right;\"><span style=\"color: #000000;\">100,- K\u010d<\/span><\/td>\n<\/tr>\n<tr>\n<td><span style=\"color: #000000;\">rodinn\u00e9 vstupn\u00e9 (2 dosp\u011bl\u00ed + 1 a\u017e 3 d\u011bti do 15 let)<\/span><\/td>\n<td style=\"text-align: right;\"><span style=\"color: #000000;\">400,- K\u010d<\/span><\/td>\n<\/tr>\n<\/tbody>\n<\/table>\n<table width=\"100%\">\n<tbody>\n<tr>\n<td width=\"433\"><span style=\"color: #000000;\"><strong><span class=\"style1\"><span style=\"font-family: Verdana;\">IV<\/span><\/span>.\u00a0<\/strong><strong>SPECI\u00c1LN\u00cd TRASA<\/strong><\/span><span style=\"color: #000000;\"><strong> \u010d\u00e1st budovy z\u00e1mku a kostel Pov\u00fd\u0161en\u00ed sv. K\u0159\u00ed\u017ee<\/strong><\/span><\/td>\n<td width=\"185\">\u010d\u00e1stka na osobu mimo rodinn\u00e9ho vstupn\u00e9ho<\/td>\n<\/tr>\n<tr>\n<td><span style=\"color: #000000;\">z\u00e1kladn\u00ed vstupn\u00e9 (dosp\u011bl\u00ed)<\/span><\/td>\n<td style=\"text-align: right;\"><span style=\"color: #000000;\">100,- K\u010d<\/span><\/td>\n<\/tr>\n<tr>\n<td><span style=\"color: #000000;\">sn\u00ed\u017een\u00e9 vstupn\u00e9 (senio\u0159i od 65 let)<\/span><\/td>\n<td style=\"text-align: right;\"><span style=\"color: #000000;\">70,- K\u010d<\/span><\/td>\n<\/tr>\n<tr>\n<td><span style=\"color: #000000;\">sn\u00ed\u017een\u00e9 vstupn\u00e9 (d\u011bti 6 a\u017e 15 let, studenti do 26 let, dr\u017eitel\u00e9 pr\u016fkazu ZTP, ZTP\/P)<\/span><\/td>\n<td style=\"text-align: right;\"><span style=\"color: #000000;\">50,- K\u010d<\/span><\/td>\n<\/tr>\n<tr>\n<td><span style=\"color: #000000;\">rodinn\u00e9 vstupn\u00e9 (2 dosp\u011bl\u00ed + 1 a\u017e 3 d\u011bti do 15 let)<\/span><\/td>\n<td style=\"text-align: right;\"><span style=\"color: #000000;\">200,- K\u010d<\/span><\/td>\n<\/tr>\n<tr>\n<td><span style=\"color: #000000;\">d\u011bti do 6 let<\/span><\/td>\n<td style=\"text-align: right;\"><span style=\"color: #000000;\">\u00a0zdarma<\/span><\/td>\n<\/tr>\n<\/tbody>\n<\/table>\n<p>&nbsp;<\/p>\n<p><span style=\"color: #000000;\"><strong><span class=\"style1\">V<\/span>.\u00a0<\/strong><strong>TRASA V\u00ddSTAVN\u00cd<\/strong><\/span><\/p>\n<p><span><strong><span style=\"color: #000000;\">V\u00fdstavn\u00ed s\u00ed\u0148 z\u00e1mku Fry\u0161t\u00e1t &#8211; nov\u00e1 st\u00e1l\u00e1 v\u00fdstava se p\u0159ipravuje \u00a0 \u00a0 \u00a0 \u00a0 \u00a0 \u00a0 \u00a0 \u00a0 \u00a0 \u00a0 \u00a0 \u00a0 \u00a0 \u00a0 \u00a0 \u00a0 \u00a0 \u00a0 \u00a0 \u00a0 \u00a0 \u00a0 \u00a0 \u00a0 \u00a0 \u00a0 \u00a0 \u00a0<\/span> \u00a0\u00a0\u00a0\u00a0\u00a0\u00a0\u00a0\u00a0\u00a0\u00a0\u00a0\u00a0\u00a0\u00a0\u00a0\u00a0\u00a0\u00a0\u00a0\u00a0 \u00a0 \u00a0 \u00a0 \u00a0 \u00a0\u00a0 <\/strong><strong><br \/>\n<\/strong><\/span><\/p>\n<p>&nbsp;<\/p>\n<p><span style=\"color: #000000;\"><strong><span class=\"style1\">VI<\/span>. PROHL\u00cdDKY S KASTEL\u00c1NEM<br \/>\n<\/strong><\/span><\/p>\n<p>z\u00e1kladn\u00ed vstupn\u00e9 (dosp\u011bl\u00ed)\u00a0 \u00a0 \u00a0 \u00a0 \u00a0 \u00a0 \u00a0 \u00a0 \u00a0 \u00a0 \u00a0 \u00a0 \u00a0 \u00a0 \u00a0 \u00a0 \u00a0 \u00a0 \u00a0 \u00a0 \u00a0 \u00a0 \u00a0 \u00a0 \u00a0 \u00a0 \u00a0 \u00a0 \u00a0 \u00a0 \u00a0 \u00a0 \u00a0 \u00a0 \u00a0 \u00a0 \u00a0 \u00a0 \u00a0 \u00a0 \u00a0 \u00a0 \u00a0 \u00a0 \u00a0 \u00a0 \u00a0 \u00a0 \u00a0 \u00a0 \u00a0 \u00a0250,- K\u010d<\/p>\n<p><span>sn\u00ed\u017een\u00e9 vstupn\u00e9 (senio\u0159i od 65 let)\u00a0\u00a0\u00a0\u00a0\u00a0\u00a0\u00a0\u00a0\u00a0\u00a0\u00a0\u00a0\u00a0\u00a0\u00a0\u00a0\u00a0\u00a0\u00a0\u00a0\u00a0\u00a0\u00a0\u00a0\u00a0\u00a0\u00a0\u00a0\u00a0\u00a0\u00a0\u00a0\u00a0\u00a0\u00a0\u00a0\u00a0\u00a0\u00a0\u00a0\u00a0\u00a0\u00a0\u00a0\u00a0\u00a0\u00a0\u00a0\u00a0\u00a0\u00a0\u00a0\u00a0\u00a0\u00a0\u00a0\u00a0\u00a0\u00a0\u00a0\u00a0\u00a0\u00a0\u00a0\u00a0\u00a0\u00a0\u00a0\u00a0\u00a0\u00a0\u00a0\u00a0\u00a0\u00a0\u00a0\u00a0\u00a0\u00a0\u00a0\u00a0\u00a0\u00a0\u00a0\u00a0\u00a0\u00a0\u00a0 170,- K\u010d<br \/>\n<\/span><\/p>\n<p><span>sn\u00ed\u017een\u00e9 vstupn\u00e9 (d\u011bti 6 a\u017e 15 let, studenti do 26 let,\u00a0 \u00a0 \u00a0 \u00a0 \u00a0 \u00a0 \u00a0 \u00a0 \u00a0 \u00a0 \u00a0 \u00a0 \u00a0 \u00a0 \u00a0 \u00a0 \u00a0 \u00a0 \u00a0 \u00a0 \u00a0 \u00a0 \u00a0 \u00a0 \u00a0 \u00a0 \u00a0 \u00a0 \u00a0 \u00a0120,- K\u010d<br \/>\n<\/span><\/p>\n<p><span>dr\u017eitel\u00e9 pr\u016fkazu ZTP, ZTP\/P)<br \/>\n<\/span><\/p>\n<p><span>rodinn\u00e9 vstupn\u00e9 (2 dosp\u011bl\u00ed + 1 a\u017e 3 d\u011bti do 15 let)\u00a0 \u00a0 \u00a0 \u00a0 \u00a0 \u00a0 \u00a0 \u00a0 \u00a0 \u00a0 \u00a0 \u00a0 \u00a0 \u00a0 \u00a0 \u00a0 \u00a0 \u00a0 \u00a0 \u00a0 \u00a0 \u00a0 \u00a0 \u00a0 \u00a0 \u00a0 \u00a0 \u00a0 \u00a0 \u00a0 \u00a0 \u00a0500,- K\u010d<br \/>\n<\/span><\/p>\n<p><span>d\u011bti do 6 let\u00a0\u00a0\u00a0\u00a0\u00a0\u00a0\u00a0\u00a0\u00a0\u00a0\u00a0\u00a0\u00a0\u00a0\u00a0\u00a0\u00a0\u00a0\u00a0\u00a0\u00a0\u00a0\u00a0\u00a0\u00a0\u00a0\u00a0\u00a0\u00a0\u00a0\u00a0\u00a0\u00a0\u00a0\u00a0\u00a0\u00a0\u00a0\u00a0\u00a0\u00a0\u00a0\u00a0\u00a0\u00a0\u00a0\u00a0\u00a0\u00a0\u00a0\u00a0\u00a0\u00a0\u00a0\u00a0\u00a0\u00a0\u00a0\u00a0\u00a0\u00a0\u00a0\u00a0\u00a0\u00a0\u00a0\u00a0\u00a0\u00a0\u00a0\u00a0\u00a0\u00a0\u00a0\u00a0\u00a0\u00a0\u00a0\u00a0\u00a0\u00a0\u00a0\u00a0\u00a0\u00a0\u00a0\u00a0\u00a0\u00a0\u00a0\u00a0\u00a0\u00a0\u00a0\u00a0\u00a0\u00a0\u00a0\u00a0\u00a0\u00a0\u00a0\u00a0\u00a0\u00a0\u00a0\u00a0\u00a0\u00a0\u00a0\u00a0\u00a0\u00a0\u00a0\u00a0\u00a0\u00a0\u00a0\u00a0\u00a0\u00a0\u00a0\u00a0\u00a0\u00a0 zdarma<br \/>\n<\/span><\/p>\n<hr \/>\n<p>P\u0159\u00edplatek ke vstupn\u00e9mu mimo stanovenou otev\u00edrac\u00ed dobu je stanoven ve v\u00fd\u0161i 100 %.<\/p>\n<p>P\u0159\u00edplatek \u00a0ke vstupn\u00e9mu \u00a0mimo hlavn\u00ed sezonu \u00a0(listopad-b\u0159ezen) \u00a0a \u00a0mimo stanoven\u00e9 prohl\u00eddkov\u00e9 term\u00edny\u00a0\u00a0je\u00a0ve v\u00fd\u0161i 200 %.<\/p>\n<p>Slevy \u010di \u00falevy na vstupn\u00e9m v r\u00e1mci b\u011b\u017en\u00e9ho provozu se poskytuj\u00ed na z\u00e1klad\u011b p\u0159edlo\u017een\u00ed p\u0159\u00edslu\u0161n\u00fdch slevov\u00fdch karet nebo d\u00e1rkov\u00fdch poukaz\u016f.<\/p>\n<p>V r\u00e1mci po\u0159\u00e1d\u00e1n\u00ed dopl\u0148kov\u00fdch akc\u00ed (nap\u0159. zah\u00e1jen\u00ed sezony, letn\u00ed akce, Dny evropsk\u00e9ho d\u011bdictv\u00ed apod.) mohou b\u00fdt stanoveny zvl\u00e1\u0161tn\u00ed ceny za speci\u00e1ln\u011b upraven\u00e9 prohl\u00eddky, a\u0165 u\u017e s p\u0159ir\u00e1\u017ekou nebo slevou, a tyto budou zve\u0159ejn\u011bny aktu\u00e1ln\u011b k dan\u00e9 akci na webu z\u00e1mku.<\/p>\n<p>Pro uzav\u0159enou prohl\u00eddku v r\u00e1mci jednoho n\u00e1v\u0161t\u011bvnick\u00e9ho okruhu bez ohledu na po\u010det n\u00e1v\u0161t\u011bvn\u00edk\u016f a z\u00e1rove\u0148 za dodr\u017een\u00ed max. kapacity prohl\u00eddky (20 osob) je stanovena cena ve v\u00fd\u0161i 2000,-K\u010d. Na uzav\u0159enou prohl\u00eddku se nevztahuj\u00ed \u017e\u00e1dn\u00e9 slevy. Rovn\u011b\u017e se net\u00fdk\u00e1 dopl\u0148kov\u00fdch akc\u00ed.<\/p>\n<p>Vstupn\u00e9 se vyb\u00edr\u00e1 v hotovosti a v \u010desk\u00e9 m\u011bn\u011b nebo platebn\u00ed kartou v pokladn\u011b hlavn\u00ed budovy z\u00e1mku, \u010di po domluv\u011b na fakturu. Po zaplacen\u00ed vstupn\u00e9ho obdr\u017e\u00ed n\u00e1v\u0161t\u011bvn\u00edk vstupenku, kterou se prok\u00e1\u017ee pr\u016fvodci u vstupu do expozic n\u00e1v\u0161t\u011bvnick\u00fdch okruh\u016f. N\u00e1v\u0161t\u011bvn\u00edk je povinen si vstupenku ponechat u sebe po celou dobu prohl\u00eddky a na po\u017e\u00e1d\u00e1n\u00ed se j\u00ed prok\u00e1zat. Vstupenka plat\u00ed jen pro jednu n\u00e1v\u0161t\u011bvu p\u0159\u00edslu\u0161n\u00e9ho n\u00e1v\u0161t\u011bvnick\u00e9ho okruhu. Zakoupenou vstupenku nelze vr\u00e1tit.<\/p>\n<p>&nbsp;<\/p>\n","protected":false},"excerpt":{"rendered":"<p>&nbsp; I. trasa &#8211; hlavn\u00ed budova z\u00e1mku \u00a0\u010d\u00e1stka na osobu mimo speci\u00e1ln\u00ed akce a rodinn\u00e9 vstupn\u00e9 z\u00e1kladn\u00ed vstupn\u00e9 (dosp\u011bl\u00ed) 100,- K\u010d sn\u00ed\u017een\u00e9 vstupn\u00e9 (senio\u0159i od 65 let) 70,- K\u010d sn\u00ed\u017een\u00e9 vstupn\u00e9 (d\u011bti 6 a\u017e 15 let, studenti do 26 let, dr\u017eitel\u00e9 pr\u016fkazu ZTP, ZTP\/P) 50,- K\u010d rodinn\u00e9 vstupn\u00e9 (2 dosp\u011bl\u00ed [&hellip;]<\/p>\n","protected":false},"author":1,"featured_media":0,"parent":79,"menu_order":1,"comment_status":"closed","ping_status":"closed","template":"","meta":{"footnotes":""},"class_list":["post-91","page","type-page","status-publish","hentry"],"_links":{"self":[{"href":"https:\/\/www.zamek-frystat.cz\/index.php\/wp-json\/wp\/v2\/pages\/91","targetHints":{"allow":["GET"]}}],"collection":[{"href":"https:\/\/www.zamek-frystat.cz\/index.php\/wp-json\/wp\/v2\/pages"}],"about":[{"href":"https:\/\/www.zamek-frystat.cz\/index.php\/wp-json\/wp\/v2\/types\/page"}],"author":[{"embeddable":true,"href":"https:\/\/www.zamek-frystat.cz\/index.php\/wp-json\/wp\/v2\/users\/1"}],"replies":[{"embeddable":true,"href":"https:\/\/www.zamek-frystat.cz\/index.php\/wp-json\/wp\/v2\/comments?post=91"}],"version-history":[{"count":70,"href":"https:\/\/www.zamek-frystat.cz\/index.php\/wp-json\/wp\/v2\/pages\/91\/revisions"}],"predecessor-version":[{"id":3701,"href":"https:\/\/www.zamek-frystat.cz\/index.php\/wp-json\/wp\/v2\/pages\/91\/revisions\/3701"}],"up":[{"embeddable":true,"href":"https:\/\/www.zamek-frystat.cz\/index.php\/wp-json\/wp\/v2\/pages\/79"}],"wp:attachment":[{"href":"https:\/\/www.zamek-frystat.cz\/index.php\/wp-json\/wp\/v2\/media?parent=91"}],"curies":[{"name":"wp","href":"https:\/\/api.w.org\/{rel}","templated":true}]}}